{"id":313,"date":"2025-06-10T13:55:53","date_gmt":"2025-06-10T11:55:53","guid":{"rendered":"https:\/\/wp.ecole-ndlc.be\/?post_type=tribe_events&#038;p=313"},"modified":"2025-07-11T13:35:32","modified_gmt":"2025-07-11T11:35:32","slug":"les-vacances-dete-debutent","status":"publish","type":"tribe_events","link":"https:\/\/wp.ecole-ndlc.be\/index.php\/event\/les-vacances-dete-debutent\/","title":{"rendered":"Les vacances d&rsquo;\u00e9t\u00e9 d\u00e9butent"},"content":{"rendered":"","protected":false},"excerpt":{"rendered":"","protected":false},"author":5,"featured_media":65,"template":"","meta":{"_tribe_events_status":"","_tribe_events_status_reason":"","footnotes":""},"tags":[],"tribe_events_cat":[],"class_list":["post-313","tribe_events","type-tribe_events","status-publish","has-post-thumbnail","hentry"],"_links":{"self":[{"href":"https:\/\/wp.ecole-ndlc.be\/index.php\/wp-json\/wp\/v2\/tribe_events\/313","targetHints":{"allow":["GET"]}}],"collection":[{"href":"https:\/\/wp.ecole-ndlc.be\/index.php\/wp-json\/wp\/v2\/tribe_events"}],"about":[{"href":"https:\/\/wp.ecole-ndlc.be\/index.php\/wp-json\/wp\/v2\/types\/tribe_events"}],"author":[{"embeddable":true,"href":"https:\/\/wp.ecole-ndlc.be\/index.php\/wp-json\/wp\/v2\/users\/5"}],"version-history":[{"count":1,"href":"https:\/\/wp.ecole-ndlc.be\/index.php\/wp-json\/wp\/v2\/tribe_events\/313\/revisions"}],"predecessor-version":[{"id":314,"href":"https:\/\/wp.ecole-ndlc.be\/index.php\/wp-json\/wp\/v2\/tribe_events\/313\/revisions\/314"}],"wp:featuredmedia":[{"embeddable":true,"href":"https:\/\/wp.ecole-ndlc.be\/index.php\/wp-json\/wp\/v2\/media\/65"}],"wp:attachment":[{"href":"https:\/\/wp.ecole-ndlc.be\/index.php\/wp-json\/wp\/v2\/media?parent=313"}],"wp:term":[{"taxonomy":"post_tag","embeddable":true,"href":"https:\/\/wp.ecole-ndlc.be\/index.php\/wp-json\/wp\/v2\/tags?post=313"},{"taxonomy":"tribe_events_cat","embeddable":true,"href":"https:\/\/wp.ecole-ndlc.be\/index.php\/wp-json\/wp\/v2\/tribe_events_cat?post=313"}],"curies":[{"name":"wp","href":"https:\/\/api.w.org\/{rel}","templated":true}]}}

Les vacances d&rsquo;été débutent
