{"id":759,"date":"2026-01-13T09:14:10","date_gmt":"2026-01-13T08:14:10","guid":{"rendered":"https:\/\/wp.ecole-ndlc.be\/?page_id=759"},"modified":"2026-01-13T09:14:10","modified_gmt":"2026-01-13T08:14:10","slug":"un-peu-de-notre-histoire","status":"publish","type":"page","link":"https:\/\/wp.ecole-ndlc.be\/index.php\/un-peu-de-notre-histoire\/","title":{"rendered":"Un peu de notre histoire"},"content":{"rendered":"\n<p class=\"has-larger-font-size\">La saga de Mme Thomas \u00e0 L\u2019\u00e9cole ND de la Consolation\u00a0<\/p>\n\n\n\n<p>1<sup>e<\/sup> chapitre&nbsp;:<\/p>\n\n\n\n<p>Ann\u00e9es scolaires 1966-67 et 1967-68.<\/p>\n\n\n\n<p>J\u2019ai commenc\u00e9 ma carri\u00e8re \u00e0 l\u2019\u00e9cole du Sacr\u00e9-C\u0153ur en septembre 1966. A cette \u00e9poque, il n\u2019y avait que des filles et des institutrices. La mixit\u00e9 vint en 1976.<\/p>\n\n\n\n<p>Il y avait une section francophone et une section n\u00e9erlandophone. Les \u00e9l\u00e8ves n\u2019\u00e9taient s\u00e9par\u00e9es que pour les cours.<\/p>\n\n\n\n<p>Pierre, mon mari \u00e9tait journaliste \u00e0 l\u2019Echo de la Bourse et nous avions une fille, B\u00e9atrice, de 15 mois, que je confiais \u00e0 une gardienne priv\u00e9e.<\/p>\n\n\n\n<p>Depuis le mois de juillet, nous habitions chauss\u00e9e de St Job pr\u00e8s de la place. Et je fus heureuse de trouver une place aussi pr\u00e8s. Je venais \u00e0 l\u2019\u00e9cole en 2CV et en chemin je d\u00e9posais ma fille chez la gardienne.<\/p>\n\n\n\n<p>Les premi\u00e8res personnes qui j\u2019ai rencontr\u00e9es furent s\u0153ur Marie-L\u00e9opold, la directrice et s\u0153ur Yves G\u00e9rard, la sup\u00e9rieure, institutrice \u00e0 la retraite si je me souviens bien.<\/p>\n\n\n\n<p>Ces religieuses m\u2019ont dit que pour \u00eatre nomm\u00e9e, je devais enseigner aussi bien que s\u0153ur Louise, qui avait quitt\u00e9 Uccle et que je ne connaissais pas&nbsp;!&nbsp;<\/p>\n\n\n\n<p>Je n\u2019ai pas visit\u00e9 l\u2019\u00e9cole&nbsp;!<\/p>\n\n\n\n<p>Fin ao\u00fbt, vint enfin le jour de la r\u00e9union des institutrices \u2026 presque tout le monde pleurait, surtout une grande dame mince, Mme Devill\u00e9. Elles regrettaient le d\u00e9part de M\u00e8re Claire et de s\u0153ur Andr\u00e9.<\/p>\n\n\n\n<p>Mes coll\u00e8gues \u00e9taient Monique, en 1<sup>e<\/sup> ann\u00e9e, avec moi. En 2e, c\u2019\u00e9tait Mme G\u00e9rard, en 3<sup>e<\/sup> Mme L\u00e9a, en 4\u00e9 Mme Devill\u00e9, en 5<sup>e<\/sup> Mme Lef\u00e8vre, en 6<sup>e<\/sup> Mme Bertrand et au 4\u00e9 degr\u00e9, Melle Ursule.<\/p>\n\n\n\n<p>En maternelle, Mme Nelly avait les tout petits puis Mme Musy, la 2<sup>e<\/sup> ann\u00e9e et Mme Devogelaer la 3<sup>e<\/sup>.<\/p>\n\n\n\n<p>La section flamande avait Melle Devalck comme directrice, s\u0153ur Pascale en maternelle. Je ne me souviens plus du nom des autres.<\/p>\n\n\n\n<p>J\u2019ai appris plus tard que Melle Devalck s\u2019est longtemps occup\u00e9e de remplir les papiers officiels des deux sections.<\/p>\n\n\n\n<p>&nbsp;&nbsp;&nbsp;&nbsp;&nbsp;&nbsp;&nbsp;&nbsp;&nbsp;&nbsp;&nbsp;&nbsp;&nbsp;&nbsp;&nbsp; La classe qui me fut attribu\u00e9e \u00e9tait au nord, en haut \u00e0 droite de l\u2019escalier.<\/p>\n\n\n\n<p>Je fus tr\u00e8s \u00e9tonn\u00e9e \u00e0 la vue des ch\u00e2ssis m\u00e9tallique dont une partie s\u2019ouvrait un peu, \u00e0 condition que je tire de toutes mes forces, de tout mon poids, sur une cha\u00eene&nbsp;!<\/p>\n\n\n\n<p>Les radiateurs aussi \u00e9taient \u00e9tonnants&nbsp;: un gros tuyau entour\u00e9 d\u2019ailettes dans lequel circulait de la vapeur d\u2019eau&nbsp;!<\/p>\n\n\n\n<p>&nbsp;&nbsp;&nbsp;&nbsp;&nbsp;&nbsp;&nbsp;&nbsp;&nbsp;&nbsp;&nbsp;&nbsp;&nbsp;&nbsp;&nbsp;&nbsp;&nbsp;&nbsp;&nbsp;&nbsp;&nbsp;&nbsp;&nbsp; Une autre surprise&nbsp;: les toilettes, dans une esp\u00e8ce de blockhaus en b\u00e9ton, sans chasse d\u2019eau. Je n\u2019avais plus rien vu de tel depuis l\u2019\u00e2ge de 8 ans&nbsp;! Je n\u2019y mettais pas les pieds, comme les autres j\u2019utilisais les toilettes du couvent.<\/p>\n\n\n\n<p>&nbsp;&nbsp;&nbsp;&nbsp;&nbsp;&nbsp;&nbsp;&nbsp;&nbsp;&nbsp;&nbsp;&nbsp;&nbsp;&nbsp;&nbsp; A 10h30, s\u0153ur Monique nous servait du caf\u00e9 chez les s\u0153urs, dans la grande pi\u00e8ce qui donne sur le jardin. Une cloche sonnait la fin de la cr\u00e9ation et nous arrivions, \u00e0 l\u2019aise&nbsp;!<\/p>\n\n\n\n<p>&nbsp;&nbsp;&nbsp;&nbsp;&nbsp;&nbsp;&nbsp;&nbsp;&nbsp;&nbsp;&nbsp;&nbsp;&nbsp;&nbsp;&nbsp; Les surveillances se faisaient en g\u00e9n\u00e9ral, \u00e0 tour de r\u00f4le sans aucune r\u00e9mun\u00e9ration. Voici ce qui nous incombait \u2026<\/p>\n\n\n\n<p>La cour avant le d\u00e9but des cours et apr\u00e8s les cours&nbsp;; les r\u00e9cr\u00e9ations du matin et de l\u2019apr\u00e8s-midi, ainsi que l\u2019\u00e9tude de 16 \u00e0 17h.<\/p>\n\n\n\n<p>Le d\u00eener chaud des \u00e9l\u00e8ves de maternelle \u00e9tait servi chez les s\u0153urs, sous la surveillance de s\u0153ur Gabrielle, l\u00e0 o\u00f9 nous prenions le caf\u00e9 et les primaires mangeaient aussi chez les s\u0153urs, dans la grande salle donnant \u00e0 la fois sur le jardin et sur la rue du Bourdon.<\/p>\n\n\n\n<p>Le \u00ab&nbsp;d\u00eener tartine&nbsp;\u00bb avait lieu \u00e0 l\u2019\u00e9cole, au 1<sup>e<\/sup> \u00e9tage, au-dessus de la sc\u00e8ne, sous la surveillance de Mme G\u00e9rard.<\/p>\n\n\n\n<p>&nbsp;Nous devions \u00e9galement accompagner les \u00e9l\u00e8ves en rang, jusque l\u2019avenue du Silence, jusque la chauss\u00e9e de Drogenbos et aussi faire traverser la rue du Bourdon.<\/p>\n\n\n\n<p>Un bus assurait le ramassage et le retour des \u00e9l\u00e8ves. Il \u00e9tait surveill\u00e9 par un instituteur, pay\u00e9 par la commune et par s\u0153ur Alo\u00efse, aussi une institutrice \u00e0 la retraite.<\/p>\n\n\n\n<p>Nous devions aussi balayer notre classe et laver les fen\u00eatres&nbsp;\u2026 Balayer, je l\u2019ai fait, mais laver les vitres&nbsp;: jamais&nbsp;! Certaines le faisaient et d\u2019autres payaient le papa de Martine Coning pour le faire&nbsp;!<\/p>\n\n\n\n<p>Autre charge suppl\u00e9mentaire&nbsp;: l\u2019\u00e9pargne scolaire, la distribution de l\u2019Orlix, boisson chocolat\u00e9e, et les comptes du mois&nbsp;car les parents payaient les repas chauds, le potage, l\u2019Orlix, boisson chocolat\u00e9e, pr\u00e9par\u00e9e sur place, et plus tard les berlingots de lait, l\u2019abonnement \u00e0 une revue, les sorties \u2026 Nous ramassions l\u2019argent, v\u00e9rifions faisions le total et remettions le tout \u00e0 la directrice.<\/p>\n\n\n\n<p>Distribution d\u2019Orlix puis de lait, petite explication&nbsp;: pendant la guerre, \u00e9norm\u00e9ment d\u2019enfants furent sous-aliment\u00e9s et la d\u00e9cision fut prise de distribuer, dans les \u00e9coles, une boisson \u00e0 base de lait. Cette distribution fut gratuite puis remplac\u00e9e par les berlingots de lait qui furent payants.<\/p>\n\n\n\n<p>Au sujet de la guerre, nous avons retrouv\u00e9 dans les vieux registres&nbsp;: \u00ab&nbsp;Absent car n\u2019a plus de chaussures&nbsp;\u00bb ou \u00ab&nbsp;Absent car parti en province&nbsp;\u00bb. On ne trouvait pas de lait ni assez de nourriture dans les villes.<\/p>\n\n\n\n<p>&nbsp;&nbsp;&nbsp;&nbsp;&nbsp;&nbsp;&nbsp;&nbsp;&nbsp;&nbsp;&nbsp;&nbsp;&nbsp;&nbsp;&nbsp; Il y avait aussi plusieurs f\u00eates scolaires&nbsp;: St Nicolas, pendant laquelle les \u00e9l\u00e8ves pr\u00e9sentaient une danse sur la sc\u00e8ne avant la venue de grand saint&nbsp;; un souper au fromage et une f\u00eate vers le mois de mai&nbsp;: corso fleuri pour les maternelles et gymnastique pour les primaires.<\/p>\n\n\n\n<p>La kermesse aux boudins se tenaient alternativement \u00e0 l\u2019\u00e9cole des filles et \u00e0 l\u2019\u00e9cole des gar\u00e7ons.<\/p>\n\n\n\n<p>Il y avait aussi une f\u00eate organis\u00e9e par la paroisse pour r\u00e9colter des fonds afin de construire une nouvelle \u00e9glise.<\/p>\n\n\n\n<p>&nbsp;&nbsp;&nbsp;&nbsp;&nbsp;&nbsp;&nbsp;&nbsp;&nbsp;&nbsp;&nbsp;&nbsp;&nbsp;&nbsp;&nbsp; La dalle qui recouvre la \u00ab&nbsp;salle des f\u00eates&nbsp;\u00bb a \u00e9t\u00e9 plac\u00e9e plus tard, un \u00ab&nbsp;balcon&nbsp;\u00bb desservait les classes du 1<sup>e<\/sup> \u00e9tage, de l\u00e0 on voyait la salle du rez-de-chauss\u00e9e. C\u2019est dans cette salle que se donnaient les cours de gymnastique.<\/p>\n\n\n\n<p>La veille des f\u00eates, 4 personnes&nbsp;: M. Musy, Devill\u00e9, et deux papas d\u2019\u00e9l\u00e8ves, tendaient d\u2019\u00e9normes tissus bleus&nbsp;et en accrochaient d\u2019autres devant les fen\u00eatres du rez-de-chauss\u00e9e. Ces messieurs \u00e9taient amis et se retrouvaient le dimanche apr\u00e8s la messe au Kring pour des parties de cartes. <em>(Le Kring a \u00e9t\u00e9 rachet\u00e9 par<\/em> &nbsp;le PO de l\u2019\u00e9cole flamande)<\/p>\n\n\n\n<p>&nbsp;&nbsp;&nbsp;&nbsp;&nbsp;&nbsp;&nbsp;&nbsp;&nbsp;&nbsp;&nbsp;&nbsp;&nbsp;&nbsp;&nbsp; En tant que nouvelle enseignante, je fus bien aid\u00e9e par Mme G\u00e9rard. S\u0153ur L\u00e9opold, revenant du Congo, \u00e9tait d\u00e9pass\u00e9e&nbsp;! Par exemple, elle souhait que nous utilisions des ardoises au lieu de cahiers. Elle ne resta que 2 ans.<\/p>\n\n\n\n<p>A la fin de la 2<sup>e<\/sup> ann\u00e9e de fonction, rien ne m\u2019ayant \u00e9t\u00e9&nbsp;reproch\u00e9, je fus \u00ab&nbsp;nomm\u00e9e d\u00e9finitivement&nbsp;\u00bb. Le pr\u00e9sident du pouvoir organisateur, PO, \u00e9tait M. Deleener, dentiste, habitant rue de Calevoet.<\/p>\n\n\n\n<p>&nbsp;&nbsp;&nbsp;&nbsp;&nbsp;&nbsp;&nbsp;&nbsp;&nbsp;&nbsp;&nbsp;&nbsp;&nbsp;&nbsp;&nbsp; En juin, S\u0153ur Yves-G\u00e9rard, me recommanda vivement de suivre la formation \u00ab&nbsp;Jean qui rit&nbsp;\u00bb, m\u00e9thode de lecture gestuelle, organis\u00e9e \u00e0 Ixelles. Je payai volontiers les frais d\u2019inscription, de trajets, de repas, de mat\u00e9riels, et de garderie de ma fille pendant une semaine.<\/p>\n\n\n\n<p>J\u2019ai tout de suite \u00e9t\u00e9 emball\u00e9e par cette m\u00e9thode qui faisait bouger les \u00e9l\u00e8ves et faisait appel \u00e0 leur m\u00e9moire corporelle, visuelle et m\u00eame affective, gr\u00e2ce aux gestes, aux chants, aux histoires et aux affiches, m\u00eame si elles \u00e9taient d\u00e9su\u00e8tes.<\/p>\n\n\n\n<p>L\u2019ann\u00e9e suivante, ma coll\u00e8gue Monique ne revint pas et elle fut remplac\u00e9e par s\u0153ur Louise. Peu avant la rentr\u00e9e, S\u0153ur Louise me t\u00e9l\u00e9phona pour me dire, tr\u00e8s fermement, qu\u2019elle n\u2019emploierait pas la m\u00e9thode gestuelle, et qu\u2019elle ne voulait pas que je l\u2019emploie non plus. Je lui dis qu\u2019elle ferait ce qu\u2019elle voudrait dans sa classe, mais que j\u2019appliquerais cette m\u00e9thode, chaleureusement recommand\u00e9e par S\u0153ur Yves-G\u00e9rard, qui \u00e9tait sa sup\u00e9rieure.<\/p>\n\n\n\n<p>&nbsp;&nbsp;&nbsp;&nbsp;&nbsp;&nbsp;&nbsp;&nbsp;&nbsp;&nbsp;&nbsp;&nbsp;&nbsp;&nbsp;&nbsp; S\u0153ur Marie-L\u00e9opold fut remplac\u00e9e par s\u0153ur Marie-B\u00e9atrice. La discipline se durcit \u00e0 tous les niveaux, mais ce sera, le sujet du 2<sup>e<\/sup> \u00e9pisode.<\/p>\n\n\n\n<figure class=\"wp-block-image size-full\"><img loading=\"lazy\" decoding=\"async\" width=\"605\" height=\"379\" src=\"https:\/\/wp.ecole-ndlc.be\/wp-content\/uploads\/2026\/01\/image.jpg\" alt=\"\" class=\"wp-image-760\" srcset=\"https:\/\/wp.ecole-ndlc.be\/wp-content\/uploads\/2026\/01\/image.jpg 605w, https:\/\/wp.ecole-ndlc.be\/wp-content\/uploads\/2026\/01\/image-300x188.jpg 300w\" sizes=\"auto, (max-width: 605px) 100vw, 605px\" \/><\/figure>\n\n\n\n<p>Cette photo date d\u2019avant 1966&nbsp;! Je n\u2019ai pas connu les rosiers et la cour \u00e9tait d\u00e9j\u00e0 pav\u00e9e.<\/p>\n","protected":false},"excerpt":{"rendered":"<p>La saga de Mme Thomas \u00e0 L\u2019\u00e9cole ND de la Consolation\u00a0 1e chapitre&nbsp;: Ann\u00e9es scolaires [&hellip;]<\/p>\n","protected":false},"author":2,"featured_media":0,"parent":0,"menu_order":0,"comment_status":"closed","ping_status":"closed","template":"","meta":{"footnotes":""},"class_list":["post-759","page","type-page","status-publish","hentry"],"_links":{"self":[{"href":"https:\/\/wp.ecole-ndlc.be\/index.php\/wp-json\/wp\/v2\/pages\/759","targetHints":{"allow":["GET"]}}],"collection":[{"href":"https:\/\/wp.ecole-ndlc.be\/index.php\/wp-json\/wp\/v2\/pages"}],"about":[{"href":"https:\/\/wp.ecole-ndlc.be\/index.php\/wp-json\/wp\/v2\/types\/page"}],"author":[{"embeddable":true,"href":"https:\/\/wp.ecole-ndlc.be\/index.php\/wp-json\/wp\/v2\/users\/2"}],"replies":[{"embeddable":true,"href":"https:\/\/wp.ecole-ndlc.be\/index.php\/wp-json\/wp\/v2\/comments?post=759"}],"version-history":[{"count":1,"href":"https:\/\/wp.ecole-ndlc.be\/index.php\/wp-json\/wp\/v2\/pages\/759\/revisions"}],"predecessor-version":[{"id":761,"href":"https:\/\/wp.ecole-ndlc.be\/index.php\/wp-json\/wp\/v2\/pages\/759\/revisions\/761"}],"wp:attachment":[{"href":"https:\/\/wp.ecole-ndlc.be\/index.php\/wp-json\/wp\/v2\/media?parent=759"}],"curies":[{"name":"wp","href":"https:\/\/api.w.org\/{rel}","templated":true}]}}