{"id":383,"date":"2025-08-20T21:13:22","date_gmt":"2025-08-20T19:13:22","guid":{"rendered":"https:\/\/wp.ecole-ndlc.be\/?page_id=383"},"modified":"2025-08-28T20:40:18","modified_gmt":"2025-08-28T18:40:18","slug":"en-p5-p6","status":"publish","type":"page","link":"https:\/\/wp.ecole-ndlc.be\/index.php\/en-p5-p6\/","title":{"rendered":"En P5 &#8211; P6"},"content":{"rendered":"\n<p>En P5\/P6, l\u2019ambiance se fait studieuse mais toujours joyeuse : on y pr\u00e9pare les grands \u00e0 franchir le cap vers le secondaire. D\u00e9bats, expos\u00e9s, r\u00e9solutions de probl\u00e8mes et projets collectifs rythment les journ\u00e9es. La petite souris verrait surtout des enfants qui prennent confiance en eux et s\u2019\u00e9panouissent.<\/p>\n\n\n\n<div class=\"wp-block-buttons is-layout-flex wp-block-buttons-is-layout-flex\">\n<div class=\"wp-block-button\"><a class=\"wp-block-button__link wp-element-button\" href=\"https:\/\/wp.ecole-ndlc.be\/index.php\/2025\/08\/28\/les-classes-de-neige\/\">Classes de neige<\/a><\/div>\n\n\n\n<div class=\"wp-block-button\"><a class=\"wp-block-button__link wp-element-button\" href=\"https:\/\/wp.ecole-ndlc.be\/index.php\/2025\/08\/28\/nos-projets-creatifs\/\">Nos projets cr\u00e9atifs <\/a><\/div>\n<\/div>\n\n\n\n<p><\/p>\n","protected":false},"excerpt":{"rendered":"<p>En P5\/P6, l\u2019ambiance se fait studieuse mais toujours joyeuse : on y pr\u00e9pare les grands [&hellip;]<\/p>\n","protected":false},"author":2,"featured_media":0,"parent":0,"menu_order":0,"comment_status":"closed","ping_status":"closed","template":"","meta":{"footnotes":""},"class_list":["post-383","page","type-page","status-publish","hentry"],"_links":{"self":[{"href":"https:\/\/wp.ecole-ndlc.be\/index.php\/wp-json\/wp\/v2\/pages\/383","targetHints":{"allow":["GET"]}}],"collection":[{"href":"https:\/\/wp.ecole-ndlc.be\/index.php\/wp-json\/wp\/v2\/pages"}],"about":[{"href":"https:\/\/wp.ecole-ndlc.be\/index.php\/wp-json\/wp\/v2\/types\/page"}],"author":[{"embeddable":true,"href":"https:\/\/wp.ecole-ndlc.be\/index.php\/wp-json\/wp\/v2\/users\/2"}],"replies":[{"embeddable":true,"href":"https:\/\/wp.ecole-ndlc.be\/index.php\/wp-json\/wp\/v2\/comments?post=383"}],"version-history":[{"count":4,"href":"https:\/\/wp.ecole-ndlc.be\/index.php\/wp-json\/wp\/v2\/pages\/383\/revisions"}],"predecessor-version":[{"id":427,"href":"https:\/\/wp.ecole-ndlc.be\/index.php\/wp-json\/wp\/v2\/pages\/383\/revisions\/427"}],"wp:attachment":[{"href":"https:\/\/wp.ecole-ndlc.be\/index.php\/wp-json\/wp\/v2\/media?parent=383"}],"curies":[{"name":"wp","href":"https:\/\/api.w.org\/{rel}","templated":true}]}}