{"id":316,"date":"2025-06-13T21:59:28","date_gmt":"2025-06-13T19:59:28","guid":{"rendered":"https:\/\/wp.ecole-ndlc.be\/?page_id=316"},"modified":"2025-06-13T22:11:00","modified_gmt":"2025-06-13T20:11:00","slug":"notre-microforet","status":"publish","type":"page","link":"https:\/\/wp.ecole-ndlc.be\/index.php\/notre-microforet\/","title":{"rendered":"Notre microfor\u00eat"},"content":{"rendered":"\n<h2 class=\"wp-block-heading has-orange-color has-text-color has-link-color wp-elements-ee33127f73ec59036715c6db0b76e5bc\">Agir ensemble pour la nature<\/h2>\n\n\n\n<p>\u00c0 l\u2019\u00e9cole, nous croyons en l\u2019importance d\u2019agir concr\u00e8tement pour pr\u00e9server l\u2019environnement. C\u2019est pourquoi nous avons lanc\u00e9 un projet de microfor\u00eat au sein m\u00eame de notre jardin scolaire. Cette initiative rassemble \u00e9l\u00e8ves, parents et enseignants autour d\u2019un objectif commun : ramener la nature au c\u0153ur de notre cadre de vie.<\/p>\n\n\n\n<p>Les enfants participent activement \u00e0 la plantation et suivent l\u2019\u00e9volution de la microfor\u00eat tout au long de leur scolarit\u00e9. Une belle mani\u00e8re pour eux de devenir acteurs du changement et de prendre conscience de l\u2019impact positif que chacun peut avoir sur son environnement.<\/p>\n\n\n\n<h2 class=\"wp-block-heading has-blue-color has-text-color has-link-color wp-elements-9bd34b033b5219613eb30c9155fa225f\">Un espace naturel pour s\u2019\u00e9panouir<\/h2>\n\n\n\n<div class=\"wp-block-media-text is-stacked-on-mobile\"><figure class=\"wp-block-media-text__media\"><img loading=\"lazy\" decoding=\"async\" width=\"1024\" height=\"724\" src=\"https:\/\/wp.ecole-ndlc.be\/wp-content\/uploads\/2025\/06\/Plan-damenagement-181022-1-1024x724.jpg\" alt=\"\" class=\"wp-image-335 size-full\" srcset=\"https:\/\/wp.ecole-ndlc.be\/wp-content\/uploads\/2025\/06\/Plan-damenagement-181022-1-1024x724.jpg 1024w, https:\/\/wp.ecole-ndlc.be\/wp-content\/uploads\/2025\/06\/Plan-damenagement-181022-1-300x212.jpg 300w, https:\/\/wp.ecole-ndlc.be\/wp-content\/uploads\/2025\/06\/Plan-damenagement-181022-1-768x543.jpg 768w, https:\/\/wp.ecole-ndlc.be\/wp-content\/uploads\/2025\/06\/Plan-damenagement-181022-1-1536x1086.jpg 1536w, https:\/\/wp.ecole-ndlc.be\/wp-content\/uploads\/2025\/06\/Plan-damenagement-181022-1-2048x1448.jpg 2048w\" sizes=\"auto, (max-width: 1024px) 100vw, 1024px\" \/><\/figure><div class=\"wp-block-media-text__content\">\n<p>La microfor\u00eat transforme notre \u00e9cole en un lieu encore plus vivant et inspirant. Ce coin de nature favorise le bien-\u00eatre, la curiosit\u00e9 et la s\u00e9r\u00e9nit\u00e9 des enfants. <\/p>\n\n\n\n<p>En grandissant aux c\u00f4t\u00e9s de la for\u00eat, les \u00e9l\u00e8ves d\u00e9veloppent un lien fort avec la nature.<\/p>\n<\/div><\/div>\n\n\n\n<h2 class=\"wp-block-heading has-green-color has-text-color has-link-color wp-elements-c071ef81a08d2bdbe9ff718c621b196b\">Un projet collectif et f\u00e9d\u00e9rateur<\/h2>\n\n\n\n<p>Ce projet est l\u2019occasion de renforcer les liens entre les diff\u00e9rentes composantes de notre communaut\u00e9 scolaire. \u00c9l\u00e8ves, parents, enseignants et voisins collaborent pour construire ensemble un espace vert porteur de sens.<\/p>\n\n\n\n<h2 class=\"wp-block-heading has-red-color has-text-color has-link-color wp-elements-544e4f6ab4663ae2a22f5cff5a721a87\">Un accompagnement sur mesure<\/h2>\n\n\n\n<p>Tout au long du projet, nous b\u00e9n\u00e9ficions d\u2019un accompagnement personnalis\u00e9 : de la conception \u00e0 la plantation, en passant par les aspects techniques et les conseils d\u2019entretien. Une d\u00e9marche encadr\u00e9e pour assurer la r\u00e9ussite de cette belle aventure \u00e9cologique.<\/p>\n\n\n\n<p><\/p>\n\n\n\n<figure class=\"wp-block-pullquote\"><blockquote><p>Une microfor\u00eat transforme notre environnement et cr\u00e9e un habitat favorable pour la biodiversit\u00e9. C\u2019est une zone de plantation dense, g\u00e9n\u00e9ralement comprise entre 100 et 3000 m\u00b2, cr\u00e9\u00e9e en imitant la for\u00eat naturelle. Elle est compos\u00e9e d\u2019une grande vari\u00e9t\u00e9 d\u2019arbres et arbustes natifs et convient particuli\u00e8rement aux contextes urbains et p\u00e9ri-urbains. Les microfor\u00eats contribuent \u00e0 cr\u00e9er un cadre de vie plus agr\u00e9able.<\/p><cite><a href=\"https:\/\/www.urbanforest.be\/\">Home &#8211; URBAN FOREST Cr\u00e9er une micro-for\u00eat avec Urban Forests<\/a><\/cite><\/blockquote><\/figure>\n\n\n\n<h2 class=\"wp-block-heading\"><\/h2>\n\n\n\n<figure class=\"wp-block-gallery has-nested-images columns-default is-cropped wp-block-gallery-1 is-layout-flex wp-block-gallery-is-layout-flex\">\n\n\n<figure class=\"wp-block-image size-large\"><img loading=\"lazy\" decoding=\"async\" width=\"1024\" height=\"768\" data-id=\"321\" src=\"https:\/\/wp.ecole-ndlc.be\/wp-content\/uploads\/2025\/06\/plantation-nov-22-9-1024x768.jpg\" alt=\"\" class=\"wp-image-321\" srcset=\"https:\/\/wp.ecole-ndlc.be\/wp-content\/uploads\/2025\/06\/plantation-nov-22-9-1024x768.jpg 1024w, https:\/\/wp.ecole-ndlc.be\/wp-content\/uploads\/2025\/06\/plantation-nov-22-9-300x225.jpg 300w, https:\/\/wp.ecole-ndlc.be\/wp-content\/uploads\/2025\/06\/plantation-nov-22-9-768x576.jpg 768w, https:\/\/wp.ecole-ndlc.be\/wp-content\/uploads\/2025\/06\/plantation-nov-22-9-1536x1152.jpg 1536w, https:\/\/wp.ecole-ndlc.be\/wp-content\/uploads\/2025\/06\/plantation-nov-22-9-2048x1536.jpg 2048w\" sizes=\"auto, (max-width: 1024px) 100vw, 1024px\" \/><figcaption class=\"wp-element-caption\">KODAK Digital Still Camera<\/figcaption><\/figure>\n\n\n\n\n\n<figure class=\"wp-block-image size-large\"><img loading=\"lazy\" decoding=\"async\" width=\"1024\" height=\"768\" data-id=\"328\" src=\"https:\/\/wp.ecole-ndlc.be\/wp-content\/uploads\/2025\/06\/plantation-nov-22-7-1024x768.jpg\" alt=\"\" class=\"wp-image-328\" srcset=\"https:\/\/wp.ecole-ndlc.be\/wp-content\/uploads\/2025\/06\/plantation-nov-22-7-1024x768.jpg 1024w, https:\/\/wp.ecole-ndlc.be\/wp-content\/uploads\/2025\/06\/plantation-nov-22-7-300x225.jpg 300w, https:\/\/wp.ecole-ndlc.be\/wp-content\/uploads\/2025\/06\/plantation-nov-22-7-768x576.jpg 768w, https:\/\/wp.ecole-ndlc.be\/wp-content\/uploads\/2025\/06\/plantation-nov-22-7-1536x1152.jpg 1536w, https:\/\/wp.ecole-ndlc.be\/wp-content\/uploads\/2025\/06\/plantation-nov-22-7-2048x1536.jpg 2048w\" sizes=\"auto, (max-width: 1024px) 100vw, 1024px\" \/><figcaption class=\"wp-element-caption\">KODAK Digital Still Camera<\/figcaption><\/figure>\n\n\n\n\n\n\n\n<figure class=\"wp-block-image size-large\"><img loading=\"lazy\" decoding=\"async\" width=\"1024\" height=\"768\" data-id=\"327\" src=\"https:\/\/wp.ecole-ndlc.be\/wp-content\/uploads\/2025\/06\/plantation-nov-22-11-1024x768.jpg\" alt=\"\" class=\"wp-image-327\" srcset=\"https:\/\/wp.ecole-ndlc.be\/wp-content\/uploads\/2025\/06\/plantation-nov-22-11-1024x768.jpg 1024w, https:\/\/wp.ecole-ndlc.be\/wp-content\/uploads\/2025\/06\/plantation-nov-22-11-300x225.jpg 300w, https:\/\/wp.ecole-ndlc.be\/wp-content\/uploads\/2025\/06\/plantation-nov-22-11-768x576.jpg 768w, https:\/\/wp.ecole-ndlc.be\/wp-content\/uploads\/2025\/06\/plantation-nov-22-11-1536x1152.jpg 1536w, https:\/\/wp.ecole-ndlc.be\/wp-content\/uploads\/2025\/06\/plantation-nov-22-11-2048x1536.jpg 2048w\" sizes=\"auto, (max-width: 1024px) 100vw, 1024px\" \/><figcaption class=\"wp-element-caption\">KODAK Digital Still Camera<\/figcaption><\/figure>\n\n\n\n<figure class=\"wp-block-image size-large\"><img loading=\"lazy\" decoding=\"async\" width=\"1024\" height=\"680\" data-id=\"329\" src=\"https:\/\/wp.ecole-ndlc.be\/wp-content\/uploads\/2025\/06\/mai-24-3-1024x680.jpg\" alt=\"\" class=\"wp-image-329\" srcset=\"https:\/\/wp.ecole-ndlc.be\/wp-content\/uploads\/2025\/06\/mai-24-3-1024x680.jpg 1024w, https:\/\/wp.ecole-ndlc.be\/wp-content\/uploads\/2025\/06\/mai-24-3-300x199.jpg 300w, https:\/\/wp.ecole-ndlc.be\/wp-content\/uploads\/2025\/06\/mai-24-3-768x510.jpg 768w, https:\/\/wp.ecole-ndlc.be\/wp-content\/uploads\/2025\/06\/mai-24-3-1536x1020.jpg 1536w, https:\/\/wp.ecole-ndlc.be\/wp-content\/uploads\/2025\/06\/mai-24-3-2048x1360.jpg 2048w\" sizes=\"auto, (max-width: 1024px) 100vw, 1024px\" \/><\/figure>\n\n\n\n<figure class=\"wp-block-image size-large\"><img loading=\"lazy\" decoding=\"async\" width=\"1024\" height=\"680\" data-id=\"332\" src=\"https:\/\/wp.ecole-ndlc.be\/wp-content\/uploads\/2025\/06\/mai-24-2-1024x680.jpg\" alt=\"\" class=\"wp-image-332\" srcset=\"https:\/\/wp.ecole-ndlc.be\/wp-content\/uploads\/2025\/06\/mai-24-2-1024x680.jpg 1024w, https:\/\/wp.ecole-ndlc.be\/wp-content\/uploads\/2025\/06\/mai-24-2-300x199.jpg 300w, https:\/\/wp.ecole-ndlc.be\/wp-content\/uploads\/2025\/06\/mai-24-2-768x510.jpg 768w, https:\/\/wp.ecole-ndlc.be\/wp-content\/uploads\/2025\/06\/mai-24-2-1536x1020.jpg 1536w, https:\/\/wp.ecole-ndlc.be\/wp-content\/uploads\/2025\/06\/mai-24-2-2048x1360.jpg 2048w\" sizes=\"auto, (max-width: 1024px) 100vw, 1024px\" \/><\/figure>\n\n\n\n<figure class=\"wp-block-image size-large\"><img loading=\"lazy\" decoding=\"async\" width=\"1024\" height=\"680\" data-id=\"330\" src=\"https:\/\/wp.ecole-ndlc.be\/wp-content\/uploads\/2025\/06\/mai-24-1-1024x680.jpg\" alt=\"\" class=\"wp-image-330\" srcset=\"https:\/\/wp.ecole-ndlc.be\/wp-content\/uploads\/2025\/06\/mai-24-1-1024x680.jpg 1024w, https:\/\/wp.ecole-ndlc.be\/wp-content\/uploads\/2025\/06\/mai-24-1-300x199.jpg 300w, https:\/\/wp.ecole-ndlc.be\/wp-content\/uploads\/2025\/06\/mai-24-1-768x510.jpg 768w, https:\/\/wp.ecole-ndlc.be\/wp-content\/uploads\/2025\/06\/mai-24-1-1536x1020.jpg 1536w, https:\/\/wp.ecole-ndlc.be\/wp-content\/uploads\/2025\/06\/mai-24-1-2048x1360.jpg 2048w\" sizes=\"auto, (max-width: 1024px) 100vw, 1024px\" \/><\/figure>\n\n\n\n<figure class=\"wp-block-image size-large\"><img loading=\"lazy\" decoding=\"async\" width=\"576\" height=\"1024\" data-id=\"331\" src=\"https:\/\/wp.ecole-ndlc.be\/wp-content\/uploads\/2025\/06\/sept-23-576x1024.jpeg\" alt=\"\" class=\"wp-image-331\" srcset=\"https:\/\/wp.ecole-ndlc.be\/wp-content\/uploads\/2025\/06\/sept-23-576x1024.jpeg 576w, https:\/\/wp.ecole-ndlc.be\/wp-content\/uploads\/2025\/06\/sept-23-169x300.jpeg 169w, https:\/\/wp.ecole-ndlc.be\/wp-content\/uploads\/2025\/06\/sept-23-768x1365.jpeg 768w, https:\/\/wp.ecole-ndlc.be\/wp-content\/uploads\/2025\/06\/sept-23-864x1536.jpeg 864w, https:\/\/wp.ecole-ndlc.be\/wp-content\/uploads\/2025\/06\/sept-23-1152x2048.jpeg 1152w, https:\/\/wp.ecole-ndlc.be\/wp-content\/uploads\/2025\/06\/sept-23-scaled.jpeg 1440w\" sizes=\"auto, (max-width: 576px) 100vw, 576px\" \/><\/figure>\n\n\n\n<figure class=\"wp-block-image size-large\"><img loading=\"lazy\" decoding=\"async\" width=\"1024\" height=\"768\" data-id=\"326\" src=\"https:\/\/wp.ecole-ndlc.be\/wp-content\/uploads\/2025\/06\/plantation-nov-22-15-1024x768.jpg\" alt=\"\" class=\"wp-image-326\" srcset=\"https:\/\/wp.ecole-ndlc.be\/wp-content\/uploads\/2025\/06\/plantation-nov-22-15-1024x768.jpg 1024w, https:\/\/wp.ecole-ndlc.be\/wp-content\/uploads\/2025\/06\/plantation-nov-22-15-300x225.jpg 300w, https:\/\/wp.ecole-ndlc.be\/wp-content\/uploads\/2025\/06\/plantation-nov-22-15-768x576.jpg 768w, https:\/\/wp.ecole-ndlc.be\/wp-content\/uploads\/2025\/06\/plantation-nov-22-15-1536x1152.jpg 1536w, https:\/\/wp.ecole-ndlc.be\/wp-content\/uploads\/2025\/06\/plantation-nov-22-15-2048x1536.jpg 2048w\" sizes=\"auto, (max-width: 1024px) 100vw, 1024px\" \/><figcaption class=\"wp-element-caption\">KODAK Digital Still Camera<\/figcaption><\/figure>\n<\/figure>\n\n\n\n<p><\/p>\n","protected":false},"excerpt":{"rendered":"<p>Agir ensemble pour la nature \u00c0 l\u2019\u00e9cole, nous croyons en l\u2019importance d\u2019agir concr\u00e8tement pour pr\u00e9server [&hellip;]<\/p>\n","protected":false},"author":2,"featured_media":0,"parent":0,"menu_order":0,"comment_status":"closed","ping_status":"closed","template":"","meta":{"footnotes":""},"class_list":["post-316","page","type-page","status-publish","hentry"],"_links":{"self":[{"href":"https:\/\/wp.ecole-ndlc.be\/index.php\/wp-json\/wp\/v2\/pages\/316","targetHints":{"allow":["GET"]}}],"collection":[{"href":"https:\/\/wp.ecole-ndlc.be\/index.php\/wp-json\/wp\/v2\/pages"}],"about":[{"href":"https:\/\/wp.ecole-ndlc.be\/index.php\/wp-json\/wp\/v2\/types\/page"}],"author":[{"embeddable":true,"href":"https:\/\/wp.ecole-ndlc.be\/index.php\/wp-json\/wp\/v2\/users\/2"}],"replies":[{"embeddable":true,"href":"https:\/\/wp.ecole-ndlc.be\/index.php\/wp-json\/wp\/v2\/comments?post=316"}],"version-history":[{"count":4,"href":"https:\/\/wp.ecole-ndlc.be\/index.php\/wp-json\/wp\/v2\/pages\/316\/revisions"}],"predecessor-version":[{"id":336,"href":"https:\/\/wp.ecole-ndlc.be\/index.php\/wp-json\/wp\/v2\/pages\/316\/revisions\/336"}],"wp:attachment":[{"href":"https:\/\/wp.ecole-ndlc.be\/index.php\/wp-json\/wp\/v2\/media?parent=316"}],"curies":[{"name":"wp","href":"https:\/\/api.w.org\/{rel}","templated":true}]}}

Notre microforêt

<h2 class="wp-block-heading has-orange-color has-text-color has-link-color wp-elements-ee33127f73ec59036715c6db0b76e5bc">Agir ensemble pour la nature</h2>



<p>À l’école, nous croyons en l’importance d’agir concrètement pour préserver l’environnement. C’est pourquoi nous avons lancé un projet de microforêt au sein même de notre jardin scolaire. Cette initiative rassemble élèves, parents et enseignants autour d’un objectif commun : ramener la nature au cœur de notre cadre de vie.</p>



<p>Les enfants participent activement à la plantation et suivent l’évolution de la microforêt tout au long de leur scolarité. Une belle manière pour eux de devenir acteurs du changement et de prendre conscience de l’impact positif que chacun peut avoir sur son environnement.</p>



<h2 class="wp-block-heading has-blue-color has-text-color has-link-color wp-elements-9bd34b033b5219613eb30c9155fa225f">Un espace naturel pour s’épanouir</h2>



<div class="wp-block-media-text is-stacked-on-mobile"><figure class="wp-block-media-text__media"><img loading="lazy" decoding="async" width="1024" height="724" src="https://wp.ecole-ndlc.be/wp-content/uploads/2025/06/Plan-damenagement-181022-1-1024x724.jpg" alt="" class="wp-image-335 size-full" srcset="https://wp.ecole-ndlc.be/wp-content/uploads/2025/06/Plan-damenagement-181022-1-1024x724.jpg 1024w, https://wp.ecole-ndlc.be/wp-content/uploads/2025/06/Plan-damenagement-181022-1-300x212.jpg 300w, https://wp.ecole-ndlc.be/wp-content/uploads/2025/06/Plan-damenagement-181022-1-768x543.jpg 768w, https://wp.ecole-ndlc.be/wp-content/uploads/2025/06/Plan-damenagement-181022-1-1536x1086.jpg 1536w, https://wp.ecole-ndlc.be/wp-content/uploads/2025/06/Plan-damenagement-181022-1-2048x1448.jpg 2048w" sizes="auto, (max-width: 1024px) 100vw, 1024px" /></figure><div class="wp-block-media-text__content">
<p>La microforêt transforme notre école en un lieu encore plus vivant et inspirant. Ce coin de nature favorise le bien-être, la curiosité et la sérénité des enfants. </p>



<p>En grandissant aux côtés de la forêt, les élèves développent un lien fort avec la nature.</p>
</div></div>



<h2 class="wp-block-heading has-green-color has-text-color has-link-color wp-elements-c071ef81a08d2bdbe9ff718c621b196b">Un projet collectif et fédérateur</h2>



<p>Ce projet est l’occasion de renforcer les liens entre les différentes composantes de notre communauté scolaire. Élèves, parents, enseignants et voisins collaborent pour construire ensemble un espace vert porteur de sens.</p>



<h2 class="wp-block-heading has-red-color has-text-color has-link-color wp-elements-544e4f6ab4663ae2a22f5cff5a721a87">Un accompagnement sur mesure</h2>



<p>Tout au long du projet, nous bénéficions d’un accompagnement personnalisé : de la conception à la plantation, en passant par les aspects techniques et les conseils d’entretien. Une démarche encadrée pour assurer la réussite de cette belle aventure écologique.</p>



<p></p>



<figure class="wp-block-pullquote"><blockquote><p>Une microforêt transforme notre environnement et crée un habitat favorable pour la biodiversité. C’est une zone de plantation dense, généralement comprise entre 100 et 3000 m², créée en imitant la forêt naturelle. Elle est composée d’une grande variété d’arbres et arbustes natifs et convient particulièrement aux contextes urbains et péri-urbains. Les microforêts contribuent à créer un cadre de vie plus agréable.</p><cite><a href="https://www.urbanforest.be/">Home &#8211; URBAN FOREST Créer une micro-forêt avec Urban Forests</a></cite></blockquote></figure>



<h2 class="wp-block-heading"></h2>



<figure class="wp-block-gallery has-nested-images columns-default is-cropped wp-block-gallery-1 is-layout-flex wp-block-gallery-is-layout-flex">


<figure class="wp-block-image size-large"><img loading="lazy" decoding="async" width="1024" height="768" data-id="321" src="https://wp.ecole-ndlc.be/wp-content/uploads/2025/06/plantation-nov-22-9-1024x768.jpg" alt="" class="wp-image-321" srcset="https://wp.ecole-ndlc.be/wp-content/uploads/2025/06/plantation-nov-22-9-1024x768.jpg 1024w, https://wp.ecole-ndlc.be/wp-content/uploads/2025/06/plantation-nov-22-9-300x225.jpg 300w, https://wp.ecole-ndlc.be/wp-content/uploads/2025/06/plantation-nov-22-9-768x576.jpg 768w, https://wp.ecole-ndlc.be/wp-content/uploads/2025/06/plantation-nov-22-9-1536x1152.jpg 1536w, https://wp.ecole-ndlc.be/wp-content/uploads/2025/06/plantation-nov-22-9-2048x1536.jpg 2048w" sizes="auto, (max-width: 1024px) 100vw, 1024px" /><figcaption class="wp-element-caption">KODAK Digital Still Camera</figcaption></figure>





<figure class="wp-block-image size-large"><img loading="lazy" decoding="async" width="1024" height="768" data-id="328" src="https://wp.ecole-ndlc.be/wp-content/uploads/2025/06/plantation-nov-22-7-1024x768.jpg" alt="" class="wp-image-328" srcset="https://wp.ecole-ndlc.be/wp-content/uploads/2025/06/plantation-nov-22-7-1024x768.jpg 1024w, https://wp.ecole-ndlc.be/wp-content/uploads/2025/06/plantation-nov-22-7-300x225.jpg 300w, https://wp.ecole-ndlc.be/wp-content/uploads/2025/06/plantation-nov-22-7-768x576.jpg 768w, https://wp.ecole-ndlc.be/wp-content/uploads/2025/06/plantation-nov-22-7-1536x1152.jpg 1536w, https://wp.ecole-ndlc.be/wp-content/uploads/2025/06/plantation-nov-22-7-2048x1536.jpg 2048w" sizes="auto, (max-width: 1024px) 100vw, 1024px" /><figcaption class="wp-element-caption">KODAK Digital Still Camera</figcaption></figure>







<figure class="wp-block-image size-large"><img loading="lazy" decoding="async" width="1024" height="768" data-id="327" src="https://wp.ecole-ndlc.be/wp-content/uploads/2025/06/plantation-nov-22-11-1024x768.jpg" alt="" class="wp-image-327" srcset="https://wp.ecole-ndlc.be/wp-content/uploads/2025/06/plantation-nov-22-11-1024x768.jpg 1024w, https://wp.ecole-ndlc.be/wp-content/uploads/2025/06/plantation-nov-22-11-300x225.jpg 300w, https://wp.ecole-ndlc.be/wp-content/uploads/2025/06/plantation-nov-22-11-768x576.jpg 768w, https://wp.ecole-ndlc.be/wp-content/uploads/2025/06/plantation-nov-22-11-1536x1152.jpg 1536w, https://wp.ecole-ndlc.be/wp-content/uploads/2025/06/plantation-nov-22-11-2048x1536.jpg 2048w" sizes="auto, (max-width: 1024px) 100vw, 1024px" /><figcaption class="wp-element-caption">KODAK Digital Still Camera</figcaption></figure>



<figure class="wp-block-image size-large"><img loading="lazy" decoding="async" width="1024" height="680" data-id="329" src="https://wp.ecole-ndlc.be/wp-content/uploads/2025/06/mai-24-3-1024x680.jpg" alt="" class="wp-image-329" srcset="https://wp.ecole-ndlc.be/wp-content/uploads/2025/06/mai-24-3-1024x680.jpg 1024w, https://wp.ecole-ndlc.be/wp-content/uploads/2025/06/mai-24-3-300x199.jpg 300w, https://wp.ecole-ndlc.be/wp-content/uploads/2025/06/mai-24-3-768x510.jpg 768w, https://wp.ecole-ndlc.be/wp-content/uploads/2025/06/mai-24-3-1536x1020.jpg 1536w, https://wp.ecole-ndlc.be/wp-content/uploads/2025/06/mai-24-3-2048x1360.jpg 2048w" sizes="auto, (max-width: 1024px) 100vw, 1024px" /></figure>



<figure class="wp-block-image size-large"><img loading="lazy" decoding="async" width="1024" height="680" data-id="332" src="https://wp.ecole-ndlc.be/wp-content/uploads/2025/06/mai-24-2-1024x680.jpg" alt="" class="wp-image-332" srcset="https://wp.ecole-ndlc.be/wp-content/uploads/2025/06/mai-24-2-1024x680.jpg 1024w, https://wp.ecole-ndlc.be/wp-content/uploads/2025/06/mai-24-2-300x199.jpg 300w, https://wp.ecole-ndlc.be/wp-content/uploads/2025/06/mai-24-2-768x510.jpg 768w, https://wp.ecole-ndlc.be/wp-content/uploads/2025/06/mai-24-2-1536x1020.jpg 1536w, https://wp.ecole-ndlc.be/wp-content/uploads/2025/06/mai-24-2-2048x1360.jpg 2048w" sizes="auto, (max-width: 1024px) 100vw, 1024px" /></figure>



<figure class="wp-block-image size-large"><img loading="lazy" decoding="async" width="1024" height="680" data-id="330" src="https://wp.ecole-ndlc.be/wp-content/uploads/2025/06/mai-24-1-1024x680.jpg" alt="" class="wp-image-330" srcset="https://wp.ecole-ndlc.be/wp-content/uploads/2025/06/mai-24-1-1024x680.jpg 1024w, https://wp.ecole-ndlc.be/wp-content/uploads/2025/06/mai-24-1-300x199.jpg 300w, https://wp.ecole-ndlc.be/wp-content/uploads/2025/06/mai-24-1-768x510.jpg 768w, https://wp.ecole-ndlc.be/wp-content/uploads/2025/06/mai-24-1-1536x1020.jpg 1536w, https://wp.ecole-ndlc.be/wp-content/uploads/2025/06/mai-24-1-2048x1360.jpg 2048w" sizes="auto, (max-width: 1024px) 100vw, 1024px" /></figure>



<figure class="wp-block-image size-large"><img loading="lazy" decoding="async" width="576" height="1024" data-id="331" src="https://wp.ecole-ndlc.be/wp-content/uploads/2025/06/sept-23-576x1024.jpeg" alt="" class="wp-image-331" srcset="https://wp.ecole-ndlc.be/wp-content/uploads/2025/06/sept-23-576x1024.jpeg 576w, https://wp.ecole-ndlc.be/wp-content/uploads/2025/06/sept-23-169x300.jpeg 169w, https://wp.ecole-ndlc.be/wp-content/uploads/2025/06/sept-23-768x1365.jpeg 768w, https://wp.ecole-ndlc.be/wp-content/uploads/2025/06/sept-23-864x1536.jpeg 864w, https://wp.ecole-ndlc.be/wp-content/uploads/2025/06/sept-23-1152x2048.jpeg 1152w, https://wp.ecole-ndlc.be/wp-content/uploads/2025/06/sept-23-scaled.jpeg 1440w" sizes="auto, (max-width: 576px) 100vw, 576px" /></figure>



<figure class="wp-block-image size-large"><img loading="lazy" decoding="async" width="1024" height="768" data-id="326" src="https://wp.ecole-ndlc.be/wp-content/uploads/2025/06/plantation-nov-22-15-1024x768.jpg" alt="" class="wp-image-326" srcset="https://wp.ecole-ndlc.be/wp-content/uploads/2025/06/plantation-nov-22-15-1024x768.jpg 1024w, https://wp.ecole-ndlc.be/wp-content/uploads/2025/06/plantation-nov-22-15-300x225.jpg 300w, https://wp.ecole-ndlc.be/wp-content/uploads/2025/06/plantation-nov-22-15-768x576.jpg 768w, https://wp.ecole-ndlc.be/wp-content/uploads/2025/06/plantation-nov-22-15-1536x1152.jpg 1536w, https://wp.ecole-ndlc.be/wp-content/uploads/2025/06/plantation-nov-22-15-2048x1536.jpg 2048w" sizes="auto, (max-width: 1024px) 100vw, 1024px" /><figcaption class="wp-element-caption">KODAK Digital Still Camera</figcaption></figure>
</figure>



<p></p>

<p>Agir ensemble pour la nature À l’école, nous croyons en l’importance d’agir concrètement pour préserver [&hellip;]</p>
