{"id":282,"date":"2025-05-28T22:20:03","date_gmt":"2025-05-28T20:20:03","guid":{"rendered":"https:\/\/wp.ecole-ndlc.be\/?page_id=282"},"modified":"2025-05-28T22:20:03","modified_gmt":"2025-05-28T20:20:03","slug":"p-m-s","status":"publish","type":"page","link":"https:\/\/wp.ecole-ndlc.be\/index.php\/p-m-s\/","title":{"rendered":"P.M.S"},"content":{"rendered":"\n<p class=\"has-blue-color has-text-color has-link-color wp-elements-173987c3113f5607f84f3071a761f5bd\"><\/p>\n\n\n\n<p class=\"has-blue-color has-text-color has-link-color wp-elements-1792497823819a563b8617449539dc55\">L\u2019\u00e9quipe PMS souhaite vous pr\u00e9senter son travail dans l\u2019\u00e9cole.<\/p>\n\n\n\n<p class=\"has-blue-color has-text-color has-link-color wp-elements-2ad5cf5887ad42e7155438d22a0c87a1\">D\u00e8s l\u2019entr\u00e9e \u00e0 l\u2019\u00e9cole, nous sommes attentives au bien-\u00eatre de votre enfant et le restons tout au long de sa scolarit\u00e9.<\/p>\n\n\n\n<p class=\"has-blue-color has-text-color has-link-color wp-elements-b0723ba429cc8390e5be3b759112aed8\">Le soutien \u00e0 la parentalit\u00e9, la pr\u00e9vention, le rep\u00e9rage des difficult\u00e9s et la guidance sont les axes de travail auxquels nous souhaitons accorder toute notre attention.<\/p>\n\n\n\n<p class=\"has-blue-color has-text-color has-link-color wp-elements-5c7480dbd1b00272243ae5ecf7197150\">Nous sommes disponibles pour diff\u00e9rents moments d\u2019\u00e9changes avec les enseignants. Il est possible que l\u2019\u00e9cole vous propose de nous rencontrer tout comme, si vous vous interrogez \u00e0 propos de votre enfant (scolaire, p\u00e9dagogique, social, familial, relationnel, etc.), vous pouvez directement nous contacter (les lundis entre 13h30 et 17h30 et les mercredis entre 13h30 et 15h) au 02\/226.41.30.<\/p>\n\n\n\n<p class=\"has-blue-color has-text-color has-link-color wp-elements-bc6e0bba67924c7e41696fa15444174f\">Le centre Psycho-M\u00e9dico-Social est un service gratuit, non contraignant et nous sommes soumises au secret professionnel.<\/p>\n\n\n\n<p class=\"has-blue-color has-text-color has-link-color wp-elements-64d6f1fd50a5e05ebf0735144944fa70\">Nous restons \u00e0 votre disposition pour tout renseignement compl\u00e9mentaire et vous souhaitons, Chers Parents, une bonne ann\u00e9e scolaire.&nbsp; &nbsp; &nbsp; &nbsp; &nbsp; &nbsp; &nbsp; &nbsp; &nbsp; &nbsp; &nbsp; &nbsp; &nbsp;&nbsp;<\/p>\n\n\n\n<p class=\"has-blue-color has-text-color has-link-color wp-elements-15e42a3e09aee6c46782404f4281b75a\">L\u2019\u00e9quipe PMS de votre \u00e9cole<\/p>\n\n\n\n<figure class=\"wp-block-image size-large is-style-default\"><img loading=\"lazy\" decoding=\"async\" width=\"1024\" height=\"587\" src=\"https:\/\/wp.ecole-ndlc.be\/wp-content\/uploads\/2025\/05\/image-1024x587.png\" alt=\"\" class=\"wp-image-283\" srcset=\"https:\/\/wp.ecole-ndlc.be\/wp-content\/uploads\/2025\/05\/image-1024x587.png 1024w, https:\/\/wp.ecole-ndlc.be\/wp-content\/uploads\/2025\/05\/image-300x172.png 300w, https:\/\/wp.ecole-ndlc.be\/wp-content\/uploads\/2025\/05\/image-768x440.png 768w, https:\/\/wp.ecole-ndlc.be\/wp-content\/uploads\/2025\/05\/image-1536x881.png 1536w, https:\/\/wp.ecole-ndlc.be\/wp-content\/uploads\/2025\/05\/image-2048x1175.png 2048w\" sizes=\"auto, (max-width: 1024px) 100vw, 1024px\" \/><\/figure>\n\n\n\n<p><\/p>\n\n\n\n<p><\/p>\n\n\n\n<p class=\"has-red-color has-text-color has-link-color has-regular-font-size wp-elements-c379fccca1d7297fb7450ebcf75d9b94\"><strong>PERMANENCE \u00c0 L\u2019\u00c9COLE\u00a0<\/strong><\/p>\n\n\n\n<p><strong>Lundi et Mercredi<\/strong>&nbsp;matin&nbsp;<\/p>\n\n\n\n<p class=\"has-text-align-right has-red-color has-text-color has-link-color has-regular-font-size wp-elements-b1bf35d30d374767ec7faee3b932abac\">PERMANENCES AU CENTRE P.M.S.&nbsp;<\/p>\n\n\n\n<p class=\"has-text-align-right\"><strong><em>Sur rendez-vous<\/em><\/strong><em>&nbsp;au 02\/&nbsp;226.41.30<\/em>&nbsp;<\/p>\n\n\n\n<p class=\"has-text-align-right\">Lundi\u202f14h00 \u00e0 17h30&nbsp;<\/p>\n\n\n\n<p class=\"has-text-align-right\">Mercredi13h30 \u00e0 15h00&nbsp;<\/p>\n","protected":false},"excerpt":{"rendered":"<p>L\u2019\u00e9quipe PMS souhaite vous pr\u00e9senter son travail dans l\u2019\u00e9cole. D\u00e8s l\u2019entr\u00e9e \u00e0 l\u2019\u00e9cole, nous sommes [&hellip;]<\/p>\n","protected":false},"author":2,"featured_media":0,"parent":0,"menu_order":0,"comment_status":"closed","ping_status":"closed","template":"","meta":{"footnotes":""},"class_list":["post-282","page","type-page","status-publish","hentry"],"_links":{"self":[{"href":"https:\/\/wp.ecole-ndlc.be\/index.php\/wp-json\/wp\/v2\/pages\/282","targetHints":{"allow":["GET"]}}],"collection":[{"href":"https:\/\/wp.ecole-ndlc.be\/index.php\/wp-json\/wp\/v2\/pages"}],"about":[{"href":"https:\/\/wp.ecole-ndlc.be\/index.php\/wp-json\/wp\/v2\/types\/page"}],"author":[{"embeddable":true,"href":"https:\/\/wp.ecole-ndlc.be\/index.php\/wp-json\/wp\/v2\/users\/2"}],"replies":[{"embeddable":true,"href":"https:\/\/wp.ecole-ndlc.be\/index.php\/wp-json\/wp\/v2\/comments?post=282"}],"version-history":[{"count":2,"href":"https:\/\/wp.ecole-ndlc.be\/index.php\/wp-json\/wp\/v2\/pages\/282\/revisions"}],"predecessor-version":[{"id":285,"href":"https:\/\/wp.ecole-ndlc.be\/index.php\/wp-json\/wp\/v2\/pages\/282\/revisions\/285"}],"wp:attachment":[{"href":"https:\/\/wp.ecole-ndlc.be\/index.php\/wp-json\/wp\/v2\/media?parent=282"}],"curies":[{"name":"wp","href":"https:\/\/api.w.org\/{rel}","templated":true}]}}

<p class="has-blue-color has-text-color has-link-color wp-elements-173987c3113f5607f84f3071a761f5bd"></p>



<p class="has-blue-color has-text-color has-link-color wp-elements-1792497823819a563b8617449539dc55">L’équipe PMS souhaite vous présenter son travail dans l’école.</p>



<p class="has-blue-color has-text-color has-link-color wp-elements-2ad5cf5887ad42e7155438d22a0c87a1">Dès l’entrée à l’école, nous sommes attentives au bien-être de votre enfant et le restons tout au long de sa scolarité.</p>



<p class="has-blue-color has-text-color has-link-color wp-elements-b0723ba429cc8390e5be3b759112aed8">Le soutien à la parentalité, la prévention, le repérage des difficultés et la guidance sont les axes de travail auxquels nous souhaitons accorder toute notre attention.</p>



<p class="has-blue-color has-text-color has-link-color wp-elements-5c7480dbd1b00272243ae5ecf7197150">Nous sommes disponibles pour différents moments d’échanges avec les enseignants. Il est possible que l’école vous propose de nous rencontrer tout comme, si vous vous interrogez à propos de votre enfant (scolaire, pédagogique, social, familial, relationnel, etc.), vous pouvez directement nous contacter (les lundis entre 13h30 et 17h30 et les mercredis entre 13h30 et 15h) au 02/226.41.30.</p>



<p class="has-blue-color has-text-color has-link-color wp-elements-bc6e0bba67924c7e41696fa15444174f">Le centre Psycho-Médico-Social est un service gratuit, non contraignant et nous sommes soumises au secret professionnel.</p>



<p class="has-blue-color has-text-color has-link-color wp-elements-64d6f1fd50a5e05ebf0735144944fa70">Nous restons à votre disposition pour tout renseignement complémentaire et vous souhaitons, Chers Parents, une bonne année scolaire.&nbsp; &nbsp; &nbsp; &nbsp; &nbsp; &nbsp; &nbsp; &nbsp; &nbsp; &nbsp; &nbsp; &nbsp; &nbsp;&nbsp;</p>



<p class="has-blue-color has-text-color has-link-color wp-elements-15e42a3e09aee6c46782404f4281b75a">L’équipe PMS de votre école</p>



<figure class="wp-block-image size-large is-style-default"><img loading="lazy" decoding="async" width="1024" height="587" src="https://wp.ecole-ndlc.be/wp-content/uploads/2025/05/image-1024x587.png" alt="" class="wp-image-283" srcset="https://wp.ecole-ndlc.be/wp-content/uploads/2025/05/image-1024x587.png 1024w, https://wp.ecole-ndlc.be/wp-content/uploads/2025/05/image-300x172.png 300w, https://wp.ecole-ndlc.be/wp-content/uploads/2025/05/image-768x440.png 768w, https://wp.ecole-ndlc.be/wp-content/uploads/2025/05/image-1536x881.png 1536w, https://wp.ecole-ndlc.be/wp-content/uploads/2025/05/image-2048x1175.png 2048w" sizes="auto, (max-width: 1024px) 100vw, 1024px" /></figure>



<p></p>



<p></p>



<p class="has-red-color has-text-color has-link-color has-regular-font-size wp-elements-c379fccca1d7297fb7450ebcf75d9b94"><strong>PERMANENCE À L’ÉCOLE </strong></p>



<p><strong>Lundi et Mercredi</strong>&nbsp;matin&nbsp;</p>



<p class="has-text-align-right has-red-color has-text-color has-link-color has-regular-font-size wp-elements-b1bf35d30d374767ec7faee3b932abac">PERMANENCES AU CENTRE P.M.S.&nbsp;</p>



<p class="has-text-align-right"><strong><em>Sur rendez-vous</em></strong><em>&nbsp;au 02/&nbsp;226.41.30</em>&nbsp;</p>



<p class="has-text-align-right">Lundi 14h00 à 17h30&nbsp;</p>



<p class="has-text-align-right">Mercredi13h30 à 15h00&nbsp;</p>

<p>L’équipe PMS souhaite vous présenter son travail dans l’école. Dès l’entrée à l’école, nous sommes [&hellip;]</p>
