{"id":268,"date":"2025-03-14T21:50:46","date_gmt":"2025-03-14T20:50:46","guid":{"rendered":"https:\/\/wp.ecole-ndlc.be\/?page_id=268"},"modified":"2025-11-16T08:35:26","modified_gmt":"2025-11-16T07:35:26","slug":"les-repas-chauds","status":"publish","type":"page","link":"https:\/\/wp.ecole-ndlc.be\/index.php\/les-repas-chauds\/","title":{"rendered":"Les repas chauds"},"content":{"rendered":"\n<p class=\"has-regular-font-size\" style=\"font-style:normal;font-weight:100\">Les repas chauds reprendront \u00e0 partir du lundi 8 septembre, vous recevrez un mail de la soci\u00e9t\u00e9&nbsp;Ekillibre afin de pouvoir commander les repas de votre enfant.<\/p>\n\n\n\n<p class=\"has-regular-font-size\" style=\"font-style:normal;font-weight:100\">Les commandes des repas se font 2 jours ouvrables \u00e0 l\u2019avance c\u2019est-\u00e0-dire que par exemple si vous d\u00e9sirez un repas pour le lundi vous devez le commander au plus tard le jeudi pr\u00e9c\u00e9dent. <\/p>\n\n\n\n<p class=\"has-regular-font-size\" style=\"font-style:normal;font-weight:100\">Vous \u00eates libres de modifier ou de supprimer vos commandes tous les jours et ce, avant 8h30 via votre application.<\/p>\n\n\n\n<p><\/p>\n\n\n\n<div class=\"wp-block-buttons is-layout-flex wp-block-buttons-is-layout-flex\">\n<div class=\"wp-block-button\"><a class=\"wp-block-button__link wp-element-button\">Site web Ekilibre<\/a><\/div>\n\n\n\n<div class=\"wp-block-button\"><a class=\"wp-block-button__link wp-element-button\">Tutoriel<\/a><\/div>\n<\/div>\n\n\n\n<h2 class=\"wp-block-heading has-blue-color has-text-color has-link-color wp-elements-4b8aad795bf31585cb623d78f1d6aa3b\">Menu de d\u00e9cembre 2025 <\/h2>\n\n\n\n<figure class=\"wp-block-image size-large\"><img loading=\"lazy\" decoding=\"async\" width=\"1024\" height=\"724\" src=\"https:\/\/wp.ecole-ndlc.be\/wp-content\/uploads\/2025\/11\/Menu-decembre-2025-Ekillibre-MH-1024x724.jpg\" alt=\"\" class=\"wp-image-686\" srcset=\"https:\/\/wp.ecole-ndlc.be\/wp-content\/uploads\/2025\/11\/Menu-decembre-2025-Ekillibre-MH-1024x724.jpg 1024w, https:\/\/wp.ecole-ndlc.be\/wp-content\/uploads\/2025\/11\/Menu-decembre-2025-Ekillibre-MH-300x212.jpg 300w, https:\/\/wp.ecole-ndlc.be\/wp-content\/uploads\/2025\/11\/Menu-decembre-2025-Ekillibre-MH-768x543.jpg 768w, https:\/\/wp.ecole-ndlc.be\/wp-content\/uploads\/2025\/11\/Menu-decembre-2025-Ekillibre-MH-1536x1086.jpg 1536w, https:\/\/wp.ecole-ndlc.be\/wp-content\/uploads\/2025\/11\/Menu-decembre-2025-Ekillibre-MH-2048x1448.jpg 2048w\" sizes=\"auto, (max-width: 1024px) 100vw, 1024px\" \/><\/figure>\n\n\n\n<figure class=\"wp-block-image size-large\"><img loading=\"lazy\" decoding=\"async\" width=\"1024\" height=\"724\" src=\"https:\/\/wp.ecole-ndlc.be\/wp-content\/uploads\/2025\/11\/Menu-decembre-2025-Ekillibre-MH-VG-1024x724.jpg\" alt=\"\" class=\"wp-image-687\" srcset=\"https:\/\/wp.ecole-ndlc.be\/wp-content\/uploads\/2025\/11\/Menu-decembre-2025-Ekillibre-MH-VG-1024x724.jpg 1024w, https:\/\/wp.ecole-ndlc.be\/wp-content\/uploads\/2025\/11\/Menu-decembre-2025-Ekillibre-MH-VG-300x212.jpg 300w, https:\/\/wp.ecole-ndlc.be\/wp-content\/uploads\/2025\/11\/Menu-decembre-2025-Ekillibre-MH-VG-768x543.jpg 768w, https:\/\/wp.ecole-ndlc.be\/wp-content\/uploads\/2025\/11\/Menu-decembre-2025-Ekillibre-MH-VG-1536x1086.jpg 1536w, https:\/\/wp.ecole-ndlc.be\/wp-content\/uploads\/2025\/11\/Menu-decembre-2025-Ekillibre-MH-VG-2048x1448.jpg 2048w\" sizes=\"auto, (max-width: 1024px) 100vw, 1024px\" \/><\/figure>\n\n\n\n<h2 class=\"wp-block-heading has-blue-color has-text-color has-link-color has-larger-font-size wp-elements-150ba02be0ddf630d3f66e5cfccb0442\" style=\"font-style:normal;font-weight:300\">Menu de novembre 2025  <\/h2>\n\n\n\n<figure class=\"wp-block-image size-large\"><img loading=\"lazy\" decoding=\"async\" width=\"1024\" height=\"724\" src=\"https:\/\/wp.ecole-ndlc.be\/wp-content\/uploads\/2025\/11\/Menu-nov-1.jpeg-1024x724.jpg\" alt=\"\" class=\"wp-image-630\" srcset=\"https:\/\/wp.ecole-ndlc.be\/wp-content\/uploads\/2025\/11\/Menu-nov-1.jpeg-1024x724.jpg 1024w, https:\/\/wp.ecole-ndlc.be\/wp-content\/uploads\/2025\/11\/Menu-nov-1.jpeg-300x212.jpg 300w, https:\/\/wp.ecole-ndlc.be\/wp-content\/uploads\/2025\/11\/Menu-nov-1.jpeg-768x543.jpg 768w, https:\/\/wp.ecole-ndlc.be\/wp-content\/uploads\/2025\/11\/Menu-nov-1.jpeg-1536x1086.jpg 1536w, https:\/\/wp.ecole-ndlc.be\/wp-content\/uploads\/2025\/11\/Menu-nov-1.jpeg-2048x1448.jpg 2048w\" sizes=\"auto, (max-width: 1024px) 100vw, 1024px\" \/><\/figure>\n\n\n\n<h2 class=\"wp-block-heading has-blue-color has-text-color has-link-color wp-elements-bdcf9bf43591f607a7976564ca3a97d6\">Menu novembre 2025 : v\u00e9g\u00e9tarien<\/h2>\n\n\n\n<figure class=\"wp-block-image size-large\"><img loading=\"lazy\" decoding=\"async\" width=\"1024\" height=\"724\" src=\"https:\/\/wp.ecole-ndlc.be\/wp-content\/uploads\/2025\/11\/Menu-nov-2-1024x724.jpg\" alt=\"\" class=\"wp-image-632\" srcset=\"https:\/\/wp.ecole-ndlc.be\/wp-content\/uploads\/2025\/11\/Menu-nov-2-1024x724.jpg 1024w, https:\/\/wp.ecole-ndlc.be\/wp-content\/uploads\/2025\/11\/Menu-nov-2-300x212.jpg 300w, https:\/\/wp.ecole-ndlc.be\/wp-content\/uploads\/2025\/11\/Menu-nov-2-768x543.jpg 768w, https:\/\/wp.ecole-ndlc.be\/wp-content\/uploads\/2025\/11\/Menu-nov-2-1536x1086.jpg 1536w, https:\/\/wp.ecole-ndlc.be\/wp-content\/uploads\/2025\/11\/Menu-nov-2-2048x1448.jpg 2048w\" sizes=\"auto, (max-width: 1024px) 100vw, 1024px\" \/><\/figure>\n\n\n\n<p><\/p>\n\n\n\n<p>Menu du mois d&rsquo;octobre 2025<\/p>\n\n\n\n<figure class=\"wp-block-gallery has-nested-images columns-default is-cropped wp-block-gallery-1 is-layout-flex wp-block-gallery-is-layout-flex\">\n<figure class=\"wp-block-image size-large\"><img loading=\"lazy\" decoding=\"async\" width=\"1024\" height=\"724\" data-id=\"595\" src=\"https:\/\/wp.ecole-ndlc.be\/wp-content\/uploads\/2025\/09\/Menu-octobre-2025-1024x724.jpg\" alt=\"\" class=\"wp-image-595\" srcset=\"https:\/\/wp.ecole-ndlc.be\/wp-content\/uploads\/2025\/09\/Menu-octobre-2025-1024x724.jpg 1024w, https:\/\/wp.ecole-ndlc.be\/wp-content\/uploads\/2025\/09\/Menu-octobre-2025-300x212.jpg 300w, https:\/\/wp.ecole-ndlc.be\/wp-content\/uploads\/2025\/09\/Menu-octobre-2025-768x543.jpg 768w, https:\/\/wp.ecole-ndlc.be\/wp-content\/uploads\/2025\/09\/Menu-octobre-2025-1536x1086.jpg 1536w, https:\/\/wp.ecole-ndlc.be\/wp-content\/uploads\/2025\/09\/Menu-octobre-2025-2048x1448.jpg 2048w\" sizes=\"auto, (max-width: 1024px) 100vw, 1024px\" \/><\/figure>\n<\/figure>\n\n\n\n<div class=\"wp-block-file\"><a id=\"wp-block-file--media-744d62ba-b849-4dbb-bd96-b0a87d1ab51f\" href=\"https:\/\/wp.ecole-ndlc.be\/wp-content\/uploads\/2025\/09\/Menu-octobre-2025-1-scaled.jpg\">Menu octobre 2025<\/a><a href=\"https:\/\/wp.ecole-ndlc.be\/wp-content\/uploads\/2025\/09\/Menu-octobre-2025-1-scaled.jpg\" class=\"wp-block-file__button wp-element-button\" download aria-describedby=\"wp-block-file--media-744d62ba-b849-4dbb-bd96-b0a87d1ab51f\">T\u00e9l\u00e9charger<\/a><\/div>\n\n\n\n<figure class=\"wp-block-image size-large\"><img loading=\"lazy\" decoding=\"async\" width=\"1024\" height=\"724\" src=\"https:\/\/wp.ecole-ndlc.be\/wp-content\/uploads\/2025\/09\/Menu-vegetarien-octobre-2025-1024x724.jpg\" alt=\"\" class=\"wp-image-596\" srcset=\"https:\/\/wp.ecole-ndlc.be\/wp-content\/uploads\/2025\/09\/Menu-vegetarien-octobre-2025-1024x724.jpg 1024w, https:\/\/wp.ecole-ndlc.be\/wp-content\/uploads\/2025\/09\/Menu-vegetarien-octobre-2025-300x212.jpg 300w, https:\/\/wp.ecole-ndlc.be\/wp-content\/uploads\/2025\/09\/Menu-vegetarien-octobre-2025-768x543.jpg 768w, https:\/\/wp.ecole-ndlc.be\/wp-content\/uploads\/2025\/09\/Menu-vegetarien-octobre-2025-1536x1086.jpg 1536w, https:\/\/wp.ecole-ndlc.be\/wp-content\/uploads\/2025\/09\/Menu-vegetarien-octobre-2025-2048x1448.jpg 2048w\" sizes=\"auto, (max-width: 1024px) 100vw, 1024px\" \/><\/figure>\n\n\n\n<div class=\"wp-block-file\"><a id=\"wp-block-file--media-7e503458-52e7-405a-a560-5d0f3aa8f371\" href=\"https:\/\/wp.ecole-ndlc.be\/wp-content\/uploads\/2025\/09\/Menu-vegetarien-octobre-2025-1-scaled.jpg\">Menu v\u00e9g\u00e9tarien octobre 2025<\/a><a href=\"https:\/\/wp.ecole-ndlc.be\/wp-content\/uploads\/2025\/09\/Menu-vegetarien-octobre-2025-1-scaled.jpg\" class=\"wp-block-file__button wp-element-button\" download aria-describedby=\"wp-block-file--media-7e503458-52e7-405a-a560-5d0f3aa8f371\">T\u00e9l\u00e9charger<\/a><\/div>\n\n\n\n<p>Menu du mois de septembre 2025<\/p>\n\n\n\n<div data-wp-interactive=\"core\/file\" class=\"wp-block-file\"><object data-wp-bind--hidden=\"!state.hasPdfPreview\" hidden class=\"wp-block-file__embed\" data=\"https:\/\/wp.ecole-ndlc.be\/wp-content\/uploads\/2025\/08\/Menu-septembre-2025-Ekillibre-MH.pdf\" type=\"application\/pdf\" style=\"width:100%;height:600px\" aria-label=\"Contenu embarqu\u00e9 Menu septembre 2025 Ekillibre MH.\"><\/object><a id=\"wp-block-file--media-2e97a55c-ef53-4eea-adc1-ff936bd8991c\" href=\"https:\/\/wp.ecole-ndlc.be\/wp-content\/uploads\/2025\/08\/Menu-septembre-2025-Ekillibre-MH.pdf\">Menu septembre 2025 Ekillibre MH<\/a><a href=\"https:\/\/wp.ecole-ndlc.be\/wp-content\/uploads\/2025\/08\/Menu-septembre-2025-Ekillibre-MH.pdf\" class=\"wp-block-file__button wp-element-button\" download aria-describedby=\"wp-block-file--media-2e97a55c-ef53-4eea-adc1-ff936bd8991c\">T\u00e9l\u00e9charger<\/a><\/div>\n\n\n\n<div data-wp-interactive=\"core\/file\" class=\"wp-block-file\"><object data-wp-bind--hidden=\"!state.hasPdfPreview\" hidden class=\"wp-block-file__embed\" data=\"https:\/\/wp.ecole-ndlc.be\/wp-content\/uploads\/2025\/08\/Menu-septembre-2025-Ekillibre-MH-VG.pdf\" type=\"application\/pdf\" style=\"width:100%;height:600px\" aria-label=\"Contenu embarqu\u00e9 Menu septembre 2025 Ekillibre MH VG.\"><\/object><a id=\"wp-block-file--media-a35be7d2-6dfd-45df-9596-655543bccba7\" href=\"https:\/\/wp.ecole-ndlc.be\/wp-content\/uploads\/2025\/08\/Menu-septembre-2025-Ekillibre-MH-VG.pdf\">Menu septembre 2025 Ekillibre MH VG<\/a><a href=\"https:\/\/wp.ecole-ndlc.be\/wp-content\/uploads\/2025\/08\/Menu-septembre-2025-Ekillibre-MH-VG.pdf\" class=\"wp-block-file__button wp-element-button\" download aria-describedby=\"wp-block-file--media-a35be7d2-6dfd-45df-9596-655543bccba7\">T\u00e9l\u00e9charger<\/a><\/div>\n","protected":false},"excerpt":{"rendered":"<p>Les repas chauds reprendront \u00e0 partir du lundi 8 septembre, vous recevrez un mail de [&hellip;]<\/p>\n","protected":false},"author":2,"featured_media":0,"parent":0,"menu_order":0,"comment_status":"closed","ping_status":"closed","template":"","meta":{"footnotes":""},"class_list":["post-268","page","type-page","status-publish","hentry"],"_links":{"self":[{"href":"https:\/\/wp.ecole-ndlc.be\/index.php\/wp-json\/wp\/v2\/pages\/268","targetHints":{"allow":["GET"]}}],"collection":[{"href":"https:\/\/wp.ecole-ndlc.be\/index.php\/wp-json\/wp\/v2\/pages"}],"about":[{"href":"https:\/\/wp.ecole-ndlc.be\/index.php\/wp-json\/wp\/v2\/types\/page"}],"author":[{"embeddable":true,"href":"https:\/\/wp.ecole-ndlc.be\/index.php\/wp-json\/wp\/v2\/users\/2"}],"replies":[{"embeddable":true,"href":"https:\/\/wp.ecole-ndlc.be\/index.php\/wp-json\/wp\/v2\/comments?post=268"}],"version-history":[{"count":11,"href":"https:\/\/wp.ecole-ndlc.be\/index.php\/wp-json\/wp\/v2\/pages\/268\/revisions"}],"predecessor-version":[{"id":688,"href":"https:\/\/wp.ecole-ndlc.be\/index.php\/wp-json\/wp\/v2\/pages\/268\/revisions\/688"}],"wp:attachment":[{"href":"https:\/\/wp.ecole-ndlc.be\/index.php\/wp-json\/wp\/v2\/media?parent=268"}],"curies":[{"name":"wp","href":"https:\/\/api.w.org\/{rel}","templated":true}]}}

<p class="has-regular-font-size" style="font-style:normal;font-weight:100">Les repas chauds reprendront à partir du lundi 8 septembre, vous recevrez un mail de la société&nbsp;Ekillibre afin de pouvoir commander les repas de votre enfant.</p>



<p class="has-regular-font-size" style="font-style:normal;font-weight:100">Les commandes des repas se font 2 jours ouvrables à l’avance c’est-à-dire que par exemple si vous désirez un repas pour le lundi vous devez le commander au plus tard le jeudi précédent. </p>



<p class="has-regular-font-size" style="font-style:normal;font-weight:100">Vous êtes libres de modifier ou de supprimer vos commandes tous les jours et ce, avant 8h30 via votre application.</p>



<p></p>



<div class="wp-block-buttons is-layout-flex wp-block-buttons-is-layout-flex">
<div class="wp-block-button"><a class="wp-block-button__link wp-element-button">Site web Ekilibre</a></div>



<div class="wp-block-button"><a class="wp-block-button__link wp-element-button">Tutoriel</a></div>
</div>



<h2 class="wp-block-heading has-blue-color has-text-color has-link-color wp-elements-4b8aad795bf31585cb623d78f1d6aa3b">Menu de décembre 2025 </h2>



<figure class="wp-block-image size-large"><img loading="lazy" decoding="async" width="1024" height="724" src="https://wp.ecole-ndlc.be/wp-content/uploads/2025/11/Menu-decembre-2025-Ekillibre-MH-1024x724.jpg" alt="" class="wp-image-686" srcset="https://wp.ecole-ndlc.be/wp-content/uploads/2025/11/Menu-decembre-2025-Ekillibre-MH-1024x724.jpg 1024w, https://wp.ecole-ndlc.be/wp-content/uploads/2025/11/Menu-decembre-2025-Ekillibre-MH-300x212.jpg 300w, https://wp.ecole-ndlc.be/wp-content/uploads/2025/11/Menu-decembre-2025-Ekillibre-MH-768x543.jpg 768w, https://wp.ecole-ndlc.be/wp-content/uploads/2025/11/Menu-decembre-2025-Ekillibre-MH-1536x1086.jpg 1536w, https://wp.ecole-ndlc.be/wp-content/uploads/2025/11/Menu-decembre-2025-Ekillibre-MH-2048x1448.jpg 2048w" sizes="auto, (max-width: 1024px) 100vw, 1024px" /></figure>



<figure class="wp-block-image size-large"><img loading="lazy" decoding="async" width="1024" height="724" src="https://wp.ecole-ndlc.be/wp-content/uploads/2025/11/Menu-decembre-2025-Ekillibre-MH-VG-1024x724.jpg" alt="" class="wp-image-687" srcset="https://wp.ecole-ndlc.be/wp-content/uploads/2025/11/Menu-decembre-2025-Ekillibre-MH-VG-1024x724.jpg 1024w, https://wp.ecole-ndlc.be/wp-content/uploads/2025/11/Menu-decembre-2025-Ekillibre-MH-VG-300x212.jpg 300w, https://wp.ecole-ndlc.be/wp-content/uploads/2025/11/Menu-decembre-2025-Ekillibre-MH-VG-768x543.jpg 768w, https://wp.ecole-ndlc.be/wp-content/uploads/2025/11/Menu-decembre-2025-Ekillibre-MH-VG-1536x1086.jpg 1536w, https://wp.ecole-ndlc.be/wp-content/uploads/2025/11/Menu-decembre-2025-Ekillibre-MH-VG-2048x1448.jpg 2048w" sizes="auto, (max-width: 1024px) 100vw, 1024px" /></figure>



<h2 class="wp-block-heading has-blue-color has-text-color has-link-color has-larger-font-size wp-elements-150ba02be0ddf630d3f66e5cfccb0442" style="font-style:normal;font-weight:300">Menu de novembre 2025  </h2>



<figure class="wp-block-image size-large"><img loading="lazy" decoding="async" width="1024" height="724" src="https://wp.ecole-ndlc.be/wp-content/uploads/2025/11/Menu-nov-1.jpeg-1024x724.jpg" alt="" class="wp-image-630" srcset="https://wp.ecole-ndlc.be/wp-content/uploads/2025/11/Menu-nov-1.jpeg-1024x724.jpg 1024w, https://wp.ecole-ndlc.be/wp-content/uploads/2025/11/Menu-nov-1.jpeg-300x212.jpg 300w, https://wp.ecole-ndlc.be/wp-content/uploads/2025/11/Menu-nov-1.jpeg-768x543.jpg 768w, https://wp.ecole-ndlc.be/wp-content/uploads/2025/11/Menu-nov-1.jpeg-1536x1086.jpg 1536w, https://wp.ecole-ndlc.be/wp-content/uploads/2025/11/Menu-nov-1.jpeg-2048x1448.jpg 2048w" sizes="auto, (max-width: 1024px) 100vw, 1024px" /></figure>



<h2 class="wp-block-heading has-blue-color has-text-color has-link-color wp-elements-bdcf9bf43591f607a7976564ca3a97d6">Menu novembre 2025 : végétarien</h2>



<figure class="wp-block-image size-large"><img loading="lazy" decoding="async" width="1024" height="724" src="https://wp.ecole-ndlc.be/wp-content/uploads/2025/11/Menu-nov-2-1024x724.jpg" alt="" class="wp-image-632" srcset="https://wp.ecole-ndlc.be/wp-content/uploads/2025/11/Menu-nov-2-1024x724.jpg 1024w, https://wp.ecole-ndlc.be/wp-content/uploads/2025/11/Menu-nov-2-300x212.jpg 300w, https://wp.ecole-ndlc.be/wp-content/uploads/2025/11/Menu-nov-2-768x543.jpg 768w, https://wp.ecole-ndlc.be/wp-content/uploads/2025/11/Menu-nov-2-1536x1086.jpg 1536w, https://wp.ecole-ndlc.be/wp-content/uploads/2025/11/Menu-nov-2-2048x1448.jpg 2048w" sizes="auto, (max-width: 1024px) 100vw, 1024px" /></figure>



<p></p>



<p>Menu du mois d&rsquo;octobre 2025</p>



<figure class="wp-block-gallery has-nested-images columns-default is-cropped wp-block-gallery-1 is-layout-flex wp-block-gallery-is-layout-flex">
<figure class="wp-block-image size-large"><img loading="lazy" decoding="async" width="1024" height="724" data-id="595" src="https://wp.ecole-ndlc.be/wp-content/uploads/2025/09/Menu-octobre-2025-1024x724.jpg" alt="" class="wp-image-595" srcset="https://wp.ecole-ndlc.be/wp-content/uploads/2025/09/Menu-octobre-2025-1024x724.jpg 1024w, https://wp.ecole-ndlc.be/wp-content/uploads/2025/09/Menu-octobre-2025-300x212.jpg 300w, https://wp.ecole-ndlc.be/wp-content/uploads/2025/09/Menu-octobre-2025-768x543.jpg 768w, https://wp.ecole-ndlc.be/wp-content/uploads/2025/09/Menu-octobre-2025-1536x1086.jpg 1536w, https://wp.ecole-ndlc.be/wp-content/uploads/2025/09/Menu-octobre-2025-2048x1448.jpg 2048w" sizes="auto, (max-width: 1024px) 100vw, 1024px" /></figure>
</figure>



<div class="wp-block-file"><a id="wp-block-file--media-744d62ba-b849-4dbb-bd96-b0a87d1ab51f" href="https://wp.ecole-ndlc.be/wp-content/uploads/2025/09/Menu-octobre-2025-1-scaled.jpg">Menu octobre 2025</a><a href="https://wp.ecole-ndlc.be/wp-content/uploads/2025/09/Menu-octobre-2025-1-scaled.jpg" class="wp-block-file__button wp-element-button" download aria-describedby="wp-block-file--media-744d62ba-b849-4dbb-bd96-b0a87d1ab51f">Télécharger</a></div>



<figure class="wp-block-image size-large"><img loading="lazy" decoding="async" width="1024" height="724" src="https://wp.ecole-ndlc.be/wp-content/uploads/2025/09/Menu-vegetarien-octobre-2025-1024x724.jpg" alt="" class="wp-image-596" srcset="https://wp.ecole-ndlc.be/wp-content/uploads/2025/09/Menu-vegetarien-octobre-2025-1024x724.jpg 1024w, https://wp.ecole-ndlc.be/wp-content/uploads/2025/09/Menu-vegetarien-octobre-2025-300x212.jpg 300w, https://wp.ecole-ndlc.be/wp-content/uploads/2025/09/Menu-vegetarien-octobre-2025-768x543.jpg 768w, https://wp.ecole-ndlc.be/wp-content/uploads/2025/09/Menu-vegetarien-octobre-2025-1536x1086.jpg 1536w, https://wp.ecole-ndlc.be/wp-content/uploads/2025/09/Menu-vegetarien-octobre-2025-2048x1448.jpg 2048w" sizes="auto, (max-width: 1024px) 100vw, 1024px" /></figure>



<div class="wp-block-file"><a id="wp-block-file--media-7e503458-52e7-405a-a560-5d0f3aa8f371" href="https://wp.ecole-ndlc.be/wp-content/uploads/2025/09/Menu-vegetarien-octobre-2025-1-scaled.jpg">Menu végétarien octobre 2025</a><a href="https://wp.ecole-ndlc.be/wp-content/uploads/2025/09/Menu-vegetarien-octobre-2025-1-scaled.jpg" class="wp-block-file__button wp-element-button" download aria-describedby="wp-block-file--media-7e503458-52e7-405a-a560-5d0f3aa8f371">Télécharger</a></div>



<p>Menu du mois de septembre 2025</p>



<div data-wp-interactive="core/file" class="wp-block-file"><object data-wp-bind--hidden="!state.hasPdfPreview" hidden class="wp-block-file__embed" data="https://wp.ecole-ndlc.be/wp-content/uploads/2025/08/Menu-septembre-2025-Ekillibre-MH.pdf" type="application/pdf" style="width:100%;height:600px" aria-label="Contenu embarqué Menu septembre 2025 Ekillibre MH."></object><a id="wp-block-file--media-2e97a55c-ef53-4eea-adc1-ff936bd8991c" href="https://wp.ecole-ndlc.be/wp-content/uploads/2025/08/Menu-septembre-2025-Ekillibre-MH.pdf">Menu septembre 2025 Ekillibre MH</a><a href="https://wp.ecole-ndlc.be/wp-content/uploads/2025/08/Menu-septembre-2025-Ekillibre-MH.pdf" class="wp-block-file__button wp-element-button" download aria-describedby="wp-block-file--media-2e97a55c-ef53-4eea-adc1-ff936bd8991c">Télécharger</a></div>



<div data-wp-interactive="core/file" class="wp-block-file"><object data-wp-bind--hidden="!state.hasPdfPreview" hidden class="wp-block-file__embed" data="https://wp.ecole-ndlc.be/wp-content/uploads/2025/08/Menu-septembre-2025-Ekillibre-MH-VG.pdf" type="application/pdf" style="width:100%;height:600px" aria-label="Contenu embarqué Menu septembre 2025 Ekillibre MH VG."></object><a id="wp-block-file--media-a35be7d2-6dfd-45df-9596-655543bccba7" href="https://wp.ecole-ndlc.be/wp-content/uploads/2025/08/Menu-septembre-2025-Ekillibre-MH-VG.pdf">Menu septembre 2025 Ekillibre MH VG</a><a href="https://wp.ecole-ndlc.be/wp-content/uploads/2025/08/Menu-septembre-2025-Ekillibre-MH-VG.pdf" class="wp-block-file__button wp-element-button" download aria-describedby="wp-block-file--media-a35be7d2-6dfd-45df-9596-655543bccba7">Télécharger</a></div>

<p>Les repas chauds reprendront à partir du lundi 8 septembre, vous recevrez un mail de [&hellip;]</p>
