{"id":2,"date":"2024-12-14T23:38:29","date_gmt":"2024-12-14T22:38:29","guid":{"rendered":"http:\/\/wp.ecole-ndlc.be\/?page_id=2"},"modified":"2026-04-30T12:58:17","modified_gmt":"2026-04-30T10:58:17","slug":"page-d-exemple","status":"publish","type":"page","link":"https:\/\/wp.ecole-ndlc.be\/","title":{"rendered":"Bienvenue"},"content":{"rendered":"\n<figure class=\"wp-block-image size-large\"><img loading=\"lazy\" decoding=\"async\" width=\"1024\" height=\"128\" src=\"https:\/\/wp.ecole-ndlc.be\/wp-content\/uploads\/2025\/02\/1er-page-site-48-x-15-po-48-x-6-po-1024x128.png\" alt=\"\" class=\"wp-image-231\" srcset=\"https:\/\/wp.ecole-ndlc.be\/wp-content\/uploads\/2025\/02\/1er-page-site-48-x-15-po-48-x-6-po-1024x128.png 1024w, https:\/\/wp.ecole-ndlc.be\/wp-content\/uploads\/2025\/02\/1er-page-site-48-x-15-po-48-x-6-po-300x38.png 300w, https:\/\/wp.ecole-ndlc.be\/wp-content\/uploads\/2025\/02\/1er-page-site-48-x-15-po-48-x-6-po-768x96.png 768w, https:\/\/wp.ecole-ndlc.be\/wp-content\/uploads\/2025\/02\/1er-page-site-48-x-15-po-48-x-6-po-1536x192.png 1536w, https:\/\/wp.ecole-ndlc.be\/wp-content\/uploads\/2025\/02\/1er-page-site-48-x-15-po-48-x-6-po-2048x256.png 2048w\" sizes=\"auto, (max-width: 1024px) 100vw, 1024px\" \/><\/figure>\n\n\n\n<p class=\"has-larger-font-size\">Bienvenue dans notre \u00e9cole !<\/p>\n\n\n\n<div class=\"wp-block-buttons is-layout-flex wp-block-buttons-is-layout-flex\">\n<div class=\"wp-block-button\"><a class=\"wp-block-button__link wp-element-button\" href=\"https:\/\/wp.ecole-ndlc.be\/index.php\/fete-des-enfants-6-juin-2026\/\">6 juin : f\u00eate des enfants<\/a><\/div>\n\n\n\n<div class=\"wp-block-button\"><a class=\"wp-block-button__link wp-element-button\" href=\"https:\/\/wp.ecole-ndlc.be\/index.php\/rentree-scolaire-2026-2027\/\">r\u00e9inscription pour l&rsquo;ann\u00e9e prochaine<\/a><\/div>\n<\/div>\n\n\n\n<p class=\"has-regular-font-size\">Dans notre \u00e9cole, chaque enfant est accueilli dans <strong>un environnement bienveillant, stimulant et \u00e0 taille humaine<\/strong>, o\u00f9 l\u2019apprentissage rime avec curiosit\u00e9, confiance et \u00e9panouissement.<\/p>\n\n\n\n<p class=\"has-regular-font-size\">Notre \u00e9quipe \u00e9ducative, compos\u00e9e d\u2019enseignants passionn\u00e9s et attentifs, accompagne les \u00e9l\u00e8ves <strong>de la maternelle jusqu\u2019\u00e0 la fin du primaire<\/strong> afin de les aider \u00e0 d\u00e9velopper leurs comp\u00e9tences, leur autonomie et leur plaisir d\u2019apprendre.<\/p>\n\n\n\n<h2 class=\"wp-block-heading has-red-color has-text-color has-link-color has-larger-font-size wp-elements-dc3ea5eca11c79476f61efd8bb3f02db\" style=\"font-style:normal;font-weight:200\">Un cadre de vie agr\u00e9able pour apprendre<\/h2>\n\n\n\n<p>Nous mettons un point d\u2019honneur \u00e0 offrir aux enfants <strong>un environnement scolaire accueillant et motivant<\/strong>. Plusieurs classes ont r\u00e9cemment \u00e9t\u00e9 r\u00e9nov\u00e9es et de nouveaux outils p\u00e9dagogiques, dont des tableaux interactifs, viennent enrichir les apprentissages au quotidien.<\/p>\n\n\n\n<h2 class=\"wp-block-heading has-orange-color has-text-color has-link-color has-larger-font-size wp-elements-e044bc69fe7c7884ef3585878b6bedd8\" style=\"font-style:normal;font-weight:200\">Une \u00e9cole dynamique<\/h2>\n\n\n\n<p>Tout au long de l\u2019ann\u00e9e, les \u00e9l\u00e8ves participent \u00e0 de nombreuses activit\u00e9s qui compl\u00e8tent les apprentissages :<\/p>\n\n\n\n<ul class=\"wp-block-list\">\n<li>psychomotricit\u00e9 pour les plus jeunes<\/li>\n\n\n\n<li>cours de gymnastique et de natation<\/li>\n\n\n\n<li>apprentissage du n\u00e9erlandais d\u00e8s la 3\u00e8me maternelle<\/li>\n\n\n\n<li>activit\u00e9s scientifiques et culturelles<\/li>\n\n\n\n<li>acc\u00e8s gratuit \u00e0 la biblioth\u00e8que scolaire<\/li>\n<\/ul>\n\n\n\n<p>Des projets motivants, comme <strong>le potager de l\u2019\u00e9cole<\/strong> et <strong>l&rsquo;\u00e9cole du dehors<\/strong>, permettent \u00e9galement aux enfants de d\u00e9couvrir, exp\u00e9rimenter et apprendre autrement.<\/p>\n\n\n\n<h2 class=\"wp-block-heading has-blue-color has-text-color has-link-color has-larger-font-size wp-elements-20de2a3575d3a92694c36f2e331d0c39\" style=\"font-style:normal;font-weight:200\">Une attention port\u00e9e \u00e0 chaque enfant<\/h2>\n\n\n\n<p>Gr\u00e2ce \u00e0 une \u00e9quipe attentive et \u00e0 diff\u00e9rents dispositifs de soutien, nous veillons \u00e0 <strong>accompagner chaque \u00e9l\u00e8ve selon ses besoins<\/strong>, dans un climat scolaire positif et respectueux.<\/p>\n\n\n\n<h2 class=\"wp-block-heading has-purple-color has-text-color has-link-color has-larger-font-size wp-elements-809abe9af040a6e2b07d13e8971fa2a4\" style=\"font-style:normal;font-weight:200\">Envie de d\u00e9couvrir notre \u00e9cole ?<\/h2>\n\n\n\n<p>Nous serions ravis de <strong>vous accueillir pour une visite<\/strong>, pour vous pr\u00e9senter notre projet \u00e9ducatif et pour<strong>rencontrer l\u2019\u00e9quipe \u00e9ducative<\/strong>.<\/p>\n\n\n\n<p>\ud83d\udcde Contactez-nous au <strong>02\/376.19.70<\/strong> pour fixer une visite et obtenir toutes les informations n\u00e9cessaires.<\/p>\n\n\n\n<p>N\u2019h\u00e9sitez pas \u00e0 nous contacter pour <strong><a href=\"info@ecole-ndlc.be\" data-type=\"link\" data-id=\"info@ecole-ndlc.be\">prendre rendez-vous<\/a> et <a href=\"https:\/\/forms.office.com\/e\/Q6iUaRFzyj\" data-type=\"link\" data-id=\"https:\/\/forms.office.com\/e\/Q6iUaRFzyj\">inscrire votre enfant<\/a><\/strong>.<\/p>\n\n\n\n<p>Nous vous attendons avec plaisir pour <strong>partager cette belle aventure \u00e9ducative !<\/strong><\/p>\n\n\n<div class=\"wp-block-image\">\n<figure class=\"aligncenter size-large\"><a href=\"https:\/\/forms.office.com\/Pages\/ResponsePage.aspx?id=oNIGC54yZkW1xWpdMSaNNbFxfcZ1nghCklgT_XUMIrVUNlFZS1lZSVhUUVlVRDZTMzU2NUJGWENTWS4u\"><img loading=\"lazy\" decoding=\"async\" width=\"1024\" height=\"576\" src=\"https:\/\/wp.ecole-ndlc.be\/wp-content\/uploads\/2026\/03\/2026.-Inscription-ouverte-Site-Web-1-1024x576.png\" alt=\"\" class=\"wp-image-782\" srcset=\"https:\/\/wp.ecole-ndlc.be\/wp-content\/uploads\/2026\/03\/2026.-Inscription-ouverte-Site-Web-1-1024x576.png 1024w, https:\/\/wp.ecole-ndlc.be\/wp-content\/uploads\/2026\/03\/2026.-Inscription-ouverte-Site-Web-1-300x169.png 300w, https:\/\/wp.ecole-ndlc.be\/wp-content\/uploads\/2026\/03\/2026.-Inscription-ouverte-Site-Web-1-768x432.png 768w, https:\/\/wp.ecole-ndlc.be\/wp-content\/uploads\/2026\/03\/2026.-Inscription-ouverte-Site-Web-1.png 1366w\" sizes=\"auto, (max-width: 1024px) 100vw, 1024px\" \/><\/a><\/figure>\n<\/div>\n\n\n<div class=\"wp-block-buttons is-content-justification-right is-layout-flex wp-container-core-buttons-is-layout-765c4724 wp-block-buttons-is-layout-flex\">\n<div class=\"wp-block-button has-custom-width wp-block-button__width-100\"><a class=\"wp-block-button__link has-text-color has-background has-link-color wp-element-button\" href=\"https:\/\/wp.ecole-ndlc.be\/index.php\/inscription\/\" style=\"border-radius:99px;color:#26262f;background-color:#399cca;font-style:normal;font-weight:700\">Faire une inscription<\/a><\/div>\n<\/div>\n\n\n\n<p class=\"has-regular-font-size\" id=\"block-35f5cbbb-530a-4d8a-92a5-e87f6b8d09be\"><\/p>\n\n\n\n<p id=\"block-06792bbf-aa84-45cf-95df-9f3229b82439\"><\/p>\n\n\n\n<h2 class=\"wp-block-heading\">Nos derniers articles<\/h2>\n\n\n<ul class=\"wp-block-latest-posts__list is-grid columns-3 wp-block-latest-posts\"><li><a class=\"wp-block-latest-posts__post-title\" href=\"https:\/\/wp.ecole-ndlc.be\/index.php\/2026\/04\/03\/vente-de-fleurs-de-printemps\/\">Vente de fleurs de printemps<\/a><div class=\"wp-block-latest-posts__post-excerpt\">Les beaux jours arrivent&#8230; Afin de mettre un peu de couleurs dans nos vies, nous\u2026 <a class=\"wp-block-latest-posts__read-more\" href=\"https:\/\/wp.ecole-ndlc.be\/index.php\/2026\/04\/03\/vente-de-fleurs-de-printemps\/\" rel=\"noopener noreferrer\">Lire la suite<span class=\"screen-reader-text\">\u00a0: Vente de fleurs de printemps<\/span><\/a><\/div><\/li>\n<li><a class=\"wp-block-latest-posts__post-title\" href=\"https:\/\/wp.ecole-ndlc.be\/index.php\/2026\/03\/07\/marche-parrainee\/\">marche parrain\u00e9e<\/a><div class=\"wp-block-latest-posts__post-excerpt\">\ud83d\udeb6\u200d\u2642\ufe0f Tous en marche pour notre \u00e9cole ! \ud83d\udcc5 Rendez-vous le mercredi 22 avril 2026\u2026 <a class=\"wp-block-latest-posts__read-more\" href=\"https:\/\/wp.ecole-ndlc.be\/index.php\/2026\/03\/07\/marche-parrainee\/\" rel=\"noopener noreferrer\">Lire la suite<span class=\"screen-reader-text\">\u00a0: marche parrain\u00e9e<\/span><\/a><\/div><\/li>\n<li><a class=\"wp-block-latest-posts__post-title\" href=\"https:\/\/wp.ecole-ndlc.be\/index.php\/2025\/11\/26\/conference-15-outils-pour-faire-ses-devoirs-dans-la-bonne-humeur\/\">Conf\u00e9rence : 15 outils pour faire ses devoirs dans la bonne humeur !<\/a><div class=\"wp-block-latest-posts__post-excerpt\">\u00ab\u00a0Pfff j\u2019ai pas envie, c\u2019est trop dur, on peut jamais jouer, j\u2019en ai marre\u2026\u00a0\u00bb L&rsquo;association\u2026 <a class=\"wp-block-latest-posts__read-more\" href=\"https:\/\/wp.ecole-ndlc.be\/index.php\/2025\/11\/26\/conference-15-outils-pour-faire-ses-devoirs-dans-la-bonne-humeur\/\" rel=\"noopener noreferrer\">Lire la suite<span class=\"screen-reader-text\">\u00a0: Conf\u00e9rence : 15 outils pour faire ses devoirs dans la bonne humeur !<\/span><\/a><\/div><\/li>\n<li><a class=\"wp-block-latest-posts__post-title\" href=\"https:\/\/wp.ecole-ndlc.be\/index.php\/2025\/11\/02\/conference-pedagogique-du-24-et-25-novembre-2025\/\">Conf\u00e9rence p\u00e9dagogique du 24 et 25 novembre 2025<\/a><div class=\"wp-block-latest-posts__post-excerpt\">Les&nbsp;prochaines&nbsp;journ\u00e9es&nbsp;p\u00e9dagogiques&nbsp;auront&nbsp;lieu le lundi 24 et le mardi 25 novembre 2025.&nbsp; Il y&nbsp;aura possibilit\u00e9&nbsp;d\u2019inscrire votre&nbsp;enfant \u00e0&nbsp;la&nbsp;garderie,&nbsp;mais\u2026 <a class=\"wp-block-latest-posts__read-more\" href=\"https:\/\/wp.ecole-ndlc.be\/index.php\/2025\/11\/02\/conference-pedagogique-du-24-et-25-novembre-2025\/\" rel=\"noopener noreferrer\">Lire la suite<span class=\"screen-reader-text\">\u00a0: Conf\u00e9rence p\u00e9dagogique du 24 et 25 novembre 2025<\/span><\/a><\/div><\/li>\n<li><a class=\"wp-block-latest-posts__post-title\" href=\"https:\/\/wp.ecole-ndlc.be\/index.php\/2025\/11\/02\/journee-sportive\/\">Journ\u00e9e sportive<\/a><div class=\"wp-block-latest-posts__post-excerpt\"><\/div><\/li>\n<\/ul>\n\n\n<blockquote class=\"wp-block-quote is-layout-flow wp-block-quote-is-layout-flow\">\n<div class=\"wp-block-buttons is-content-justification-space-between is-layout-flex wp-container-core-buttons-is-layout-3d213aab wp-block-buttons-is-layout-flex\">\n<div class=\"wp-block-button\"><a class=\"wp-block-button__link wp-element-button\" href=\"https:\/\/wp.ecole-ndlc.be\/index.php\/une-a-p-a-notre-dame-de-la-consolation\/\">Espace parents<\/a><\/div>\n\n\n\n<div class=\"wp-block-button\"><a class=\"wp-block-button__link wp-element-button\" href=\"https:\/\/wp.ecole-ndlc.be\/index.php\/dans-nos-classes\/\"><strong>Dans nos classes<\/strong><\/a><\/div>\n\n\n\n<div class=\"wp-block-button\"><a class=\"wp-block-button__link wp-element-button\" href=\"https:\/\/digipad.app\/p\/1121014\/63d49d2be21bb\">Espace enfants<\/a><\/div>\n<\/div>\n<\/blockquote>\n\n\n\n<p>\/<\/p>\n\n\n\n<div class=\"wp-block-cover is-layout-constrained wp-block-cover-is-layout-constrained\"><span aria-hidden=\"true\" class=\"wp-block-cover__background has-background-dim-100 has-background-dim\"><\/span><div class=\"wp-block-cover__inner-container\"><\/div><\/div>\n\n\n\n<div class=\"wp-block-buttons is-layout-flex wp-block-buttons-is-layout-flex\"><\/div>\n\n\n\n<div class=\"wp-block-buttons is-layout-flex wp-block-buttons-is-layout-flex\"><\/div>\n","protected":false},"excerpt":{"rendered":"<p>Bienvenue dans notre \u00e9cole ! Dans notre \u00e9cole, chaque enfant est accueilli dans un environnement [&hellip;]<\/p>\n","protected":false},"author":1,"featured_media":65,"parent":0,"menu_order":0,"comment_status":"closed","ping_status":"closed","template":"","meta":{"footnotes":""},"class_list":["post-2","page","type-page","status-publish","has-post-thumbnail","hentry"],"_links":{"self":[{"href":"https:\/\/wp.ecole-ndlc.be\/index.php\/wp-json\/wp\/v2\/pages\/2","targetHints":{"allow":["GET"]}}],"collection":[{"href":"https:\/\/wp.ecole-ndlc.be\/index.php\/wp-json\/wp\/v2\/pages"}],"about":[{"href":"https:\/\/wp.ecole-ndlc.be\/index.php\/wp-json\/wp\/v2\/types\/page"}],"author":[{"embeddable":true,"href":"https:\/\/wp.ecole-ndlc.be\/index.php\/wp-json\/wp\/v2\/users\/1"}],"replies":[{"embeddable":true,"href":"https:\/\/wp.ecole-ndlc.be\/index.php\/wp-json\/wp\/v2\/comments?post=2"}],"version-history":[{"count":45,"href":"https:\/\/wp.ecole-ndlc.be\/index.php\/wp-json\/wp\/v2\/pages\/2\/revisions"}],"predecessor-version":[{"id":829,"href":"https:\/\/wp.ecole-ndlc.be\/index.php\/wp-json\/wp\/v2\/pages\/2\/revisions\/829"}],"wp:featuredmedia":[{"embeddable":true,"href":"https:\/\/wp.ecole-ndlc.be\/index.php\/wp-json\/wp\/v2\/media\/65"}],"wp:attachment":[{"href":"https:\/\/wp.ecole-ndlc.be\/index.php\/wp-json\/wp\/v2\/media?parent=2"}],"curies":[{"name":"wp","href":"https:\/\/api.w.org\/{rel}","templated":true}]}}