{"id":166,"date":"2025-02-13T21:33:19","date_gmt":"2025-02-13T20:33:19","guid":{"rendered":"https:\/\/wp.ecole-ndlc.be\/?page_id=166"},"modified":"2025-09-30T20:52:03","modified_gmt":"2025-09-30T18:52:03","slug":"le-pouvoir-organisateur","status":"publish","type":"page","link":"https:\/\/wp.ecole-ndlc.be\/index.php\/le-pouvoir-organisateur\/","title":{"rendered":"Le pouvoir organisateur"},"content":{"rendered":"\n<h3 class=\"wp-block-heading\">\u2728 Le Pouvoir Organisateur (P.O.)<\/h3>\n\n\n\n<p><\/p>\n\n\n\n<p>Dans le r\u00e9seau de l\u2019enseignement libre confessionnel catholique, le Pouvoir Organisateur exerce une fonction essentielle et b\u00e9n\u00e9vole.<\/p>\n\n\n\n<p>Il assume de grandes responsabilit\u00e9s, instituant (fondateur) de l\u2019\u00e9cole, garant du projet \u00e9ducatif, juridiquement responsable, employeur, interlocuteur social, gestionnaire, partenaire \u00e9ducatif, \u2026<\/p>\n\n\n\n<p>Etant donn\u00e9 le nombre de responsabilit\u00e9s qu\u2019il porte, son action doit \u00e9maner d\u2019une \u00e9quipe de personnes qui travaillent en \u00e9troite collaboration.<\/p>\n\n\n\n<p>Il g\u00e8re l\u2019\u00e9cole avec la direction.<\/p>\n\n\n\n<p>\ud83d\udc65 En r\u00e9sum\u00e9 : <\/p>\n\n\n\n<p>Le PO est une <strong>ASBL<\/strong>, c\u2019est-\u00e0-dire une <strong>A<\/strong>ssociation <strong>S<\/strong>ans <strong>B<\/strong>ut <strong>L<\/strong>ucratif compos\u00e9e d\u2019un Conseil d\u2019Administration et de membres. Le Conseil d\u2019Administration est compos\u00e9 d\u2019un pr\u00e9sident, d\u2019un tr\u00e9sorier, d\u2019un secr\u00e9taire et de membres \u00e9lus. Les autres membres constituent l\u2019<strong>A<\/strong>ssembl\u00e9e <strong>G<\/strong>\u00e9n\u00e9rale.<\/p>\n\n\n\n<p>\ud83d\udc49 Pourquoi un PO : <\/p>\n\n\n\n<p>C\u2019est le PO qui est fondateur de l\u2019\u00e9cole, c\u2019est-\u00e0-dire que le groupe de personnes dont nous parlons ci-dessus a un jour d\u00e9cid\u00e9 d\u2019ouvrir une \u00e9cole et de cr\u00e9er une ASBL pour s\u2019en occuper.<\/p>\n\n\n\n<p>Une fois l\u2019\u00e9cole fond\u00e9e, il y a forc\u00e9ment des b\u00e2timents dans lesquels vont se donner les cours. <strong>Le PO est responsable de l\u2019entretien de ces derniers et des terrains autour, c\u2019est-\u00e0-dire les biens de l\u2019ASBL<\/strong>. Il doit construire ce qui est n\u00e9cessaire et les entretenir en bon p\u00e8re de famille.<\/p>\n\n\n\n<p>Dans une \u00e9cole, beaucoup de personnes travaillent au quotidien&nbsp;: des enseignants, un directeur ou une directrice, une secr\u00e9taire, du personnel accueillant, du personnel de nettoyage, \u2026 <strong>Ces personnes sont engag\u00e9es par le PO<\/strong> tant\u00f4t pay\u00e9es par le PO, tant\u00f4t par la F\u00e9d\u00e9ration Wallonie-Bruxelles, comme c\u2019est le cas pour la direction et les enseignants.<\/p>\n\n\n\n<p>Une ASBL a des missions \u00e0 remplir et en est responsable l\u00e9galement. Le PO est donc juridiquement responsable devant la Loi.<\/p>\n\n\n\n<p>Pour qu\u2019une \u00e9cole fonctionne bien et avance dans la bonne direction, il lui faut un projet \u00e9ducatif, c\u2019est-\u00e0-dire un texte qui reprend ce qui est important pour l\u2019\u00e9tablissement. Ce projet s\u2019\u00e9labore avec la direction, le corps professoral et le Pouvoir Organisateur, le PO \u00e9tant responsable de sa mise en application.<\/p>\n\n\n\n<p>Le PO s\u2019occupe \u00e9galement des difficult\u00e9s qui peuvent survenir dans l\u2019\u00e9cole entre enseignants ou entre parents ou entre enseignants et parents et bien s\u00fbr entre enfants.<\/p>\n\n\n\n<h3 class=\"wp-block-heading\">\ud83d\udccc Les membres actuels de l\u2019O.A.<\/h3>\n\n\n\n<ul class=\"wp-block-list\">\n<li><strong>Mme Nadine Borr\u00e9<\/strong> \u2013 Pr\u00e9sidente<\/li>\n\n\n\n<li><strong>M. Jean-Louis Van Meerbeek<\/strong> \u2013 Vice-pr\u00e9sident<\/li>\n\n\n\n<li><strong>Mme Rose Marie Selvais<\/strong> \u2013 Tr\u00e9sori\u00e8re<\/li>\n\n\n\n<li><strong>M. Pierre Laurent<\/strong> \u2013 Secr\u00e9taire<\/li>\n\n\n\n<li><strong>M. Yannick Franchimont<\/strong> \u2013 Administrateur<\/li>\n\n\n\n<li><strong>M. Philippe Van Loo<\/strong> \u2013 Administrateur<\/li>\n\n\n\n<li><strong>Mme V\u00e9ronique Verbruggen<\/strong> \u2013 Administratrice<\/li>\n\n\n\n<li><strong>Mme Fran\u00e7oise Vermeulen<\/strong> \u2013 Administratrice<\/li>\n<\/ul>\n\n\n\n<p><\/p>\n\n\n\n<p><\/p>\n","protected":false},"excerpt":{"rendered":"<p>\u2728 Le Pouvoir Organisateur (P.O.) Dans le r\u00e9seau de l\u2019enseignement libre confessionnel catholique, le Pouvoir [&hellip;]<\/p>\n","protected":false},"author":2,"featured_media":0,"parent":0,"menu_order":0,"comment_status":"closed","ping_status":"closed","template":"","meta":{"footnotes":""},"class_list":["post-166","page","type-page","status-publish","hentry"],"_links":{"self":[{"href":"https:\/\/wp.ecole-ndlc.be\/index.php\/wp-json\/wp\/v2\/pages\/166","targetHints":{"allow":["GET"]}}],"collection":[{"href":"https:\/\/wp.ecole-ndlc.be\/index.php\/wp-json\/wp\/v2\/pages"}],"about":[{"href":"https:\/\/wp.ecole-ndlc.be\/index.php\/wp-json\/wp\/v2\/types\/page"}],"author":[{"embeddable":true,"href":"https:\/\/wp.ecole-ndlc.be\/index.php\/wp-json\/wp\/v2\/users\/2"}],"replies":[{"embeddable":true,"href":"https:\/\/wp.ecole-ndlc.be\/index.php\/wp-json\/wp\/v2\/comments?post=166"}],"version-history":[{"count":9,"href":"https:\/\/wp.ecole-ndlc.be\/index.php\/wp-json\/wp\/v2\/pages\/166\/revisions"}],"predecessor-version":[{"id":604,"href":"https:\/\/wp.ecole-ndlc.be\/index.php\/wp-json\/wp\/v2\/pages\/166\/revisions\/604"}],"wp:attachment":[{"href":"https:\/\/wp.ecole-ndlc.be\/index.php\/wp-json\/wp\/v2\/media?parent=166"}],"curies":[{"name":"wp","href":"https:\/\/api.w.org\/{rel}","templated":true}]}}

<h3 class="wp-block-heading">✨ Le Pouvoir Organisateur (P.O.)</h3>



<p></p>



<p>Dans le réseau de l’enseignement libre confessionnel catholique, le Pouvoir Organisateur exerce une fonction essentielle et bénévole.</p>



<p>Il assume de grandes responsabilités, instituant (fondateur) de l’école, garant du projet éducatif, juridiquement responsable, employeur, interlocuteur social, gestionnaire, partenaire éducatif, …</p>



<p>Etant donné le nombre de responsabilités qu’il porte, son action doit émaner d’une équipe de personnes qui travaillent en étroite collaboration.</p>



<p>Il gère l’école avec la direction.</p>



<p>👥 En résumé : </p>



<p>Le PO est une <strong>ASBL</strong>, c’est-à-dire une <strong>A</strong>ssociation <strong>S</strong>ans <strong>B</strong>ut <strong>L</strong>ucratif composée d’un Conseil d’Administration et de membres. Le Conseil d’Administration est composé d’un président, d’un trésorier, d’un secrétaire et de membres élus. Les autres membres constituent l’<strong>A</strong>ssemblée <strong>G</strong>énérale.</p>



<p>👉 Pourquoi un PO : </p>



<p>C’est le PO qui est fondateur de l’école, c’est-à-dire que le groupe de personnes dont nous parlons ci-dessus a un jour décidé d’ouvrir une école et de créer une ASBL pour s’en occuper.</p>



<p>Une fois l’école fondée, il y a forcément des bâtiments dans lesquels vont se donner les cours. <strong>Le PO est responsable de l’entretien de ces derniers et des terrains autour, c’est-à-dire les biens de l’ASBL</strong>. Il doit construire ce qui est nécessaire et les entretenir en bon père de famille.</p>



<p>Dans une école, beaucoup de personnes travaillent au quotidien&nbsp;: des enseignants, un directeur ou une directrice, une secrétaire, du personnel accueillant, du personnel de nettoyage, … <strong>Ces personnes sont engagées par le PO</strong> tantôt payées par le PO, tantôt par la Fédération Wallonie-Bruxelles, comme c’est le cas pour la direction et les enseignants.</p>



<p>Une ASBL a des missions à remplir et en est responsable légalement. Le PO est donc juridiquement responsable devant la Loi.</p>



<p>Pour qu’une école fonctionne bien et avance dans la bonne direction, il lui faut un projet éducatif, c’est-à-dire un texte qui reprend ce qui est important pour l’établissement. Ce projet s’élabore avec la direction, le corps professoral et le Pouvoir Organisateur, le PO étant responsable de sa mise en application.</p>



<p>Le PO s’occupe également des difficultés qui peuvent survenir dans l’école entre enseignants ou entre parents ou entre enseignants et parents et bien sûr entre enfants.</p>



<h3 class="wp-block-heading">📌 Les membres actuels de l’O.A.</h3>



<ul class="wp-block-list">
<li><strong>Mme Nadine Borré</strong> – Présidente</li>



<li><strong>M. Jean-Louis Van Meerbeek</strong> – Vice-président</li>



<li><strong>Mme Rose Marie Selvais</strong> – Trésorière</li>



<li><strong>M. Pierre Laurent</strong> – Secrétaire</li>



<li><strong>M. Yannick Franchimont</strong> – Administrateur</li>



<li><strong>M. Philippe Van Loo</strong> – Administrateur</li>



<li><strong>Mme Véronique Verbruggen</strong> – Administratrice</li>



<li><strong>Mme Françoise Vermeulen</strong> – Administratrice</li>
</ul>



<p></p>



<p></p>

<p>✨ Le Pouvoir Organisateur (P.O.) Dans le réseau de l’enseignement libre confessionnel catholique, le Pouvoir [&hellip;]</p>
