{"id":162,"date":"2025-02-13T21:31:05","date_gmt":"2025-02-13T20:31:05","guid":{"rendered":"https:\/\/wp.ecole-ndlc.be\/?page_id=162"},"modified":"2025-03-18T20:38:05","modified_gmt":"2025-03-18T19:38:05","slug":"lapprentissage-du-neerlandais","status":"publish","type":"page","link":"https:\/\/wp.ecole-ndlc.be\/index.php\/lapprentissage-du-neerlandais\/","title":{"rendered":"L&rsquo;apprentissage du n\u00e9erlandais"},"content":{"rendered":"\n<div style=\"position: relative; width: 100%; height: 0; padding-top: 56.2500%;\n padding-bottom: 0; box-shadow: 0 2px 8px 0 rgba(63,69,81,0.16); margin-top: 1.6em; margin-bottom: 0.9em; overflow: hidden;\n border-radius: 8px; will-change: transform;\">\n  <iframe loading=\"lazy\" style=\"position: absolute; width: 100%; height: 100%; top: 0; left: 0; border: none; padding: 0;margin: 0;\"\n    src=\"https:\/\/www.canva.com\/design\/DAGhJnLHzuA\/sddA8JzQSuEur1vfJ0-46A\/view?embed\" allowfullscreen=\"allowfullscreen\" allow=\"fullscreen\">\n  <\/iframe>\n<\/div>\n<a href=\"https:&#x2F;&#x2F;www.canva.com&#x2F;design&#x2F;DAGhJnLHzuA&#x2F;sddA8JzQSuEur1vfJ0-46A&#x2F;view?utm_content=DAGhJnLHzuA&amp;utm_campaign=designshare&amp;utm_medium=embeds&amp;utm_source=link\" target=\"_blank\" rel=\"noopener\">Le n\u00e9erlandais d\u00e8s la 3\u00e8me maternelle !<\/a> par Fabienne L\n","protected":false},"excerpt":{"rendered":"<p>Le n\u00e9erlandais d\u00e8s la 3\u00e8me maternelle ! par Fabienne L<\/p>\n","protected":false},"author":2,"featured_media":0,"parent":0,"menu_order":0,"comment_status":"closed","ping_status":"closed","template":"","meta":{"footnotes":""},"class_list":["post-162","page","type-page","status-publish","hentry"],"_links":{"self":[{"href":"https:\/\/wp.ecole-ndlc.be\/index.php\/wp-json\/wp\/v2\/pages\/162","targetHints":{"allow":["GET"]}}],"collection":[{"href":"https:\/\/wp.ecole-ndlc.be\/index.php\/wp-json\/wp\/v2\/pages"}],"about":[{"href":"https:\/\/wp.ecole-ndlc.be\/index.php\/wp-json\/wp\/v2\/types\/page"}],"author":[{"embeddable":true,"href":"https:\/\/wp.ecole-ndlc.be\/index.php\/wp-json\/wp\/v2\/users\/2"}],"replies":[{"embeddable":true,"href":"https:\/\/wp.ecole-ndlc.be\/index.php\/wp-json\/wp\/v2\/comments?post=162"}],"version-history":[{"count":3,"href":"https:\/\/wp.ecole-ndlc.be\/index.php\/wp-json\/wp\/v2\/pages\/162\/revisions"}],"predecessor-version":[{"id":278,"href":"https:\/\/wp.ecole-ndlc.be\/index.php\/wp-json\/wp\/v2\/pages\/162\/revisions\/278"}],"wp:attachment":[{"href":"https:\/\/wp.ecole-ndlc.be\/index.php\/wp-json\/wp\/v2\/media?parent=162"}],"curies":[{"name":"wp","href":"https:\/\/api.w.org\/{rel}","templated":true}]}}

L&rsquo;apprentissage du néerlandais

<div style="position: relative; width: 100%; height: 0; padding-top: 56.2500%;
 padding-bottom: 0; box-shadow: 0 2px 8px 0 rgba(63,69,81,0.16); margin-top: 1.6em; margin-bottom: 0.9em; overflow: hidden;
 border-radius: 8px; will-change: transform;">
  <iframe loading="lazy" style="position: absolute; width: 100%; height: 100%; top: 0; left: 0; border: none; padding: 0;margin: 0;"
    src="https://www.canva.com/design/DAGhJnLHzuA/sddA8JzQSuEur1vfJ0-46A/view?embed" allowfullscreen="allowfullscreen" allow="fullscreen">
  </iframe>
</div>
<a href="https:&#x2F;&#x2F;www.canva.com&#x2F;design&#x2F;DAGhJnLHzuA&#x2F;sddA8JzQSuEur1vfJ0-46A&#x2F;view?utm_content=DAGhJnLHzuA&amp;utm_campaign=designshare&amp;utm_medium=embeds&amp;utm_source=link" target="_blank" rel="noopener">Le néerlandais dès la 3ème maternelle !</a> par Fabienne L

<p>Le néerlandais dès la 3ème maternelle ! par Fabienne L</p>
